{"id":1318,"date":"2021-06-28T18:17:16","date_gmt":"2021-06-28T21:17:16","guid":{"rendered":"https:\/\/crear-lpa.infd.edu.ar\/sitio\/?page_id=1318"},"modified":"2021-08-12T19:56:00","modified_gmt":"2021-08-12T22:56:00","slug":"en-proceso-muestra-de-arte","status":"publish","type":"page","link":"https:\/\/crear-lpa.infd.edu.ar\/sitio\/en-proceso-muestra-de-arte\/","title":{"rendered":"Muestra de arte: \u201cEn Proceso\u201d"},"content":{"rendered":"<div dir=\"auto\"><img decoding=\"async\" loading=\"lazy\" class=\" wp-image-1319 alignleft\" src=\"https:\/\/crear-lpa.infd.edu.ar\/sitio\/wp-content\/uploads\/2021\/06\/EnProcesoMuestraTecnicatura-666x1000.jpg\" alt=\"\" width=\"351\" height=\"527\" \/>La tecnicatura de artes visuales surge como un proyecto para formar personas que puedan desempe\u00f1arse en el \u00e1mbito de la cultura y el arte, ejerciendo su labor en un marco de integraci\u00f3n social. El contexto de pandemia desafi\u00f3 los l\u00edmites de la misma, poniendo en juego nuevas formas de aprender, producir y compartir su esencia. As\u00ed mismo, los tiempos y recursos para producir se modificaron y nos ense\u00f1aron a mirar con m\u00e1s detenimiento, por ello el nombre de la muestra \u201cEn Proceso\u201d.<\/div>\n<div dir=\"auto\">El arte en la virtualidad, como contar, como mostrar se han resignificado, por ello los estudiantes de la carrera nos invitan a visitar, compartir y dar me gusta a la muestra virtual en el canal de YouTube del C.R.E.a.r y en las redes sociales.<\/div>\n<div dir=\"auto\">Participan de la misma, alumnos de los siguientes espacios curriculares:\u00a0 Molder\u00eda, Pintura II, Pintura III, Historia del arte II, Practicas III, Grabado, Grabado II, Escultura II,\u00a0 Escultura III, Dibujo proyectual II, Dibujo proyectual III, Alfarer\u00eda, Alfabetizaci\u00f3n.<\/div>\n<div dir=\"auto\"><\/div>\n<div dir=\"auto\"><a href=\"https:\/\/www.facebook.com\/isfd.crear\/photos\/a.1953609694884710\/3039023879676614\/\">Ver videos de la muestra aqu\u00ed<\/a>.<\/div>\n","protected":false},"excerpt":{"rendered":"<p>La tecnicatura de artes visuales surge como un proyecto para formar personas que puedan desempe\u00f1arse en el \u00e1mbito de la cultura y el arte, ejerciendo su labor en un marco de integraci\u00f3n social. El contexto de pandemia desafi\u00f3 los l\u00edmites de la misma, poniendo en juego nuevas formas de aprender, producir y compartir su esencia. &#8230; <a title=\"Muestra de arte: \u201cEn Proceso\u201d\" class=\"read-more\" href=\"https:\/\/crear-lpa.infd.edu.ar\/sitio\/en-proceso-muestra-de-arte\/\" aria-label=\"More on Muestra de arte: \u201cEn Proceso\u201d\">[+]<\/a><\/p>\n","protected":false},"author":32,"featured_media":0,"parent":0,"menu_order":0,"comment_status":"closed","ping_status":"closed","template":"","meta":[],"acf":[],"_links":{"self":[{"href":"https:\/\/crear-lpa.infd.edu.ar\/sitio\/wp-json\/wp\/v2\/pages\/1318"}],"collection":[{"href":"https:\/\/crear-lpa.infd.edu.ar\/sitio\/wp-json\/wp\/v2\/pages"}],"about":[{"href":"https:\/\/crear-lpa.infd.edu.ar\/sitio\/wp-json\/wp\/v2\/types\/page"}],"author":[{"embeddable":true,"href":"https:\/\/crear-lpa.infd.edu.ar\/sitio\/wp-json\/wp\/v2\/users\/32"}],"replies":[{"embeddable":true,"href":"https:\/\/crear-lpa.infd.edu.ar\/sitio\/wp-json\/wp\/v2\/comments?post=1318"}],"version-history":[{"count":3,"href":"https:\/\/crear-lpa.infd.edu.ar\/sitio\/wp-json\/wp\/v2\/pages\/1318\/revisions"}],"predecessor-version":[{"id":1339,"href":"https:\/\/crear-lpa.infd.edu.ar\/sitio\/wp-json\/wp\/v2\/pages\/1318\/revisions\/1339"}],"wp:attachment":[{"href":"https:\/\/crear-lpa.infd.edu.ar\/sitio\/wp-json\/wp\/v2\/media?parent=1318"}],"curies":[{"name":"wp","href":"https:\/\/api.w.org\/{rel}","templated":true}]}}

<div dir="auto"><img decoding="async" loading="lazy" class=" wp-image-1319 alignleft" src="https://crear-lpa.infd.edu.ar/sitio/wp-content/uploads/2021/06/EnProcesoMuestraTecnicatura-666x1000.jpg" alt="" width="351" height="527" />La tecnicatura de artes visuales surge como un proyecto para formar personas que puedan desempeñarse en el ámbito de la cultura y el arte, ejerciendo su labor en un marco de integración social. El contexto de pandemia desafió los límites de la misma, poniendo en juego nuevas formas de aprender, producir y compartir su esencia. Así mismo, los tiempos y recursos para producir se modificaron y nos enseñaron a mirar con más detenimiento, por ello el nombre de la muestra “En Proceso”.</div>
<div dir="auto">El arte en la virtualidad, como contar, como mostrar se han resignificado, por ello los estudiantes de la carrera nos invitan a visitar, compartir y dar me gusta a la muestra virtual en el canal de YouTube del C.R.E.a.r y en las redes sociales.</div>
<div dir="auto">Participan de la misma, alumnos de los siguientes espacios curriculares:  Moldería, Pintura II, Pintura III, Historia del arte II, Practicas III, Grabado, Grabado II, Escultura II,  Escultura III, Dibujo proyectual II, Dibujo proyectual III, Alfarería, Alfabetización.</div>
<div dir="auto"></div>
<div dir="auto"><a href="https://www.facebook.com/isfd.crear/photos/a.1953609694884710/3039023879676614/">Ver videos de la muestra aquí</a>.</div>

<p>La tecnicatura de artes visuales surge como un proyecto para formar personas que puedan desempeñarse en el ámbito de la cultura y el arte, ejerciendo su labor en un marco de integración social. El contexto de pandemia desafió los límites de la misma, poniendo en juego nuevas formas de aprender, producir y compartir su esencia. &#8230; <a title="Muestra de arte: “En Proceso”" class="read-more" href="https://crear-lpa.infd.edu.ar/sitio/en-proceso-muestra-de-arte/" aria-label="More on Muestra de arte: “En Proceso”">[+]</a></p>
