{"id":1828,"date":"2023-05-23T18:56:50","date_gmt":"2023-05-23T21:56:50","guid":{"rendered":"https:\/\/crear-lpa.infd.edu.ar\/sitio\/?page_id=1828"},"modified":"2023-12-14T19:23:30","modified_gmt":"2023-12-14T22:23:30","slug":"programas-musica-2022-2anio","status":"publish","type":"page","link":"https:\/\/crear-lpa.infd.edu.ar\/sitio\/programas-musica-2022-2anio\/","title":{"rendered":"Programas M\u00fasica &#8211; 2022 &#8211; 2\u00b0A\u00f1o"},"content":{"rendered":"\n<ul>\n<li><a href=\"https:\/\/crear-lpa.infd.edu.ar\/sitio\/wp-content\/uploads\/2023\/05\/Armonia-aplicada-a-la-Pract-Esc-II-_Diego-Diaz.pdf\">Armon\u00eda aplicada a la Pr\u00e1ctica Escolar II &#8211; Prof Diego D\u00edaz.<\/a><\/li>\n\n\n\n<li><a href=\"https:\/\/crear-lpa.infd.edu.ar\/sitio\/wp-content\/uploads\/2023\/05\/Didactica-General_Prof.-Alejandra-Baraybar.pdf\">Did\u00e1ctica General &#8211; Prof. Alejandra Baraybar.<\/a><\/li>\n\n\n\n<li><a href=\"https:\/\/crear-lpa.infd.edu.ar\/sitio\/wp-content\/uploads\/2023\/05\/ESI-2022-_TamagnoneAlvarez.pdf\">ESI &#8211; Prof. Tamagnone &#8211; Alvarez.<\/a><\/li>\n\n\n\n<li><a href=\"https:\/\/crear-lpa.infd.edu.ar\/sitio\/wp-content\/uploads\/2023\/05\/Formacion-vocal-II_Poggi.pdf\">Formaci\u00f3n vocal II &#8211; Prof. Poggi.<\/a><\/li>\n\n\n\n<li><a href=\"https:\/\/crear-lpa.infd.edu.ar\/sitio\/wp-content\/uploads\/2023\/05\/Guitarra-Complementaria-II-Atilio-Abarca.pdf\">Guitarra Complementaria II &#8211; Prof. Atilio Abarca.<\/a><\/li>\n\n\n\n<li><a href=\"https:\/\/crear-lpa.infd.edu.ar\/sitio\/wp-content\/uploads\/2023\/05\/Guitarra-II_Prof.-Atilio-Abarca.pdf\">Guitarra II &#8211; Prof. Atilio Abarca.<\/a><\/li>\n\n\n\n<li><a href=\"https:\/\/crear-lpa.infd.edu.ar\/sitio\/wp-content\/uploads\/2023\/05\/Guitarra-II-Cristian-Mitzig.pdf\">Guitarra II &#8211; Prof. Cristian Mitzig.<\/a><\/li>\n\n\n\n<li><a href=\"https:\/\/crear-lpa.infd.edu.ar\/sitio\/wp-content\/uploads\/2023\/05\/Piano-compl.-II_Programa_Viviana-Dal-Santo.pdf\">Piano complementario II Prof. Viviana Dal Santo.<\/a><\/li>\n\n\n\n<li><a href=\"https:\/\/crear-lpa.infd.edu.ar\/sitio\/wp-content\/uploads\/2023\/05\/Piano-Complementario-II_Poggi.pdf\">Piano Complementario II &#8211; Prof Poggi.<\/a><\/li>\n\n\n\n<li><a href=\"https:\/\/crear-lpa.infd.edu.ar\/sitio\/wp-content\/uploads\/2023\/05\/Piano-II-2022_Viviana-Dal-Santo.pdf\">Piano II &#8211; Prof. Viviana Dal Santo.<\/a><\/li>\n\n\n\n<li><a href=\"https:\/\/crear-lpa.infd.edu.ar\/sitio\/wp-content\/uploads\/2023\/05\/Piano-II_Alberto-Gatica.pdf\">Piano II &#8211; Prof. Alberto Gatica.<\/a><\/li>\n\n\n\n<li><a href=\"https:\/\/crear-lpa.infd.edu.ar\/sitio\/wp-content\/uploads\/2023\/05\/Sociologia-de-la-educacion_Prof.-Pablo-Garcia.pdf\">Sociolog\u00eda de la educaci\u00f3n- Prof. Pablo Garc\u00eda.<\/a><\/li>\n\n\n\n<li><a href=\"https:\/\/crear-lpa.infd.edu.ar\/sitio\/wp-content\/uploads\/2023\/05\/Sujeto-de-la-educ.-I-Prof.-Olivares.pdf\">Sujeto de la educaci\u00f3n I &#8211; Prof. Olivares.<\/a><\/li>\n<\/ul>\n","protected":false},"excerpt":{"rendered":"","protected":false},"author":32,"featured_media":0,"parent":0,"menu_order":0,"comment_status":"closed","ping_status":"closed","template":"","meta":[],"acf":[],"_links":{"self":[{"href":"https:\/\/crear-lpa.infd.edu.ar\/sitio\/wp-json\/wp\/v2\/pages\/1828"}],"collection":[{"href":"https:\/\/crear-lpa.infd.edu.ar\/sitio\/wp-json\/wp\/v2\/pages"}],"about":[{"href":"https:\/\/crear-lpa.infd.edu.ar\/sitio\/wp-json\/wp\/v2\/types\/page"}],"author":[{"embeddable":true,"href":"https:\/\/crear-lpa.infd.edu.ar\/sitio\/wp-json\/wp\/v2\/users\/32"}],"replies":[{"embeddable":true,"href":"https:\/\/crear-lpa.infd.edu.ar\/sitio\/wp-json\/wp\/v2\/comments?post=1828"}],"version-history":[{"count":2,"href":"https:\/\/crear-lpa.infd.edu.ar\/sitio\/wp-json\/wp\/v2\/pages\/1828\/revisions"}],"predecessor-version":[{"id":2166,"href":"https:\/\/crear-lpa.infd.edu.ar\/sitio\/wp-json\/wp\/v2\/pages\/1828\/revisions\/2166"}],"wp:attachment":[{"href":"https:\/\/crear-lpa.infd.edu.ar\/sitio\/wp-json\/wp\/v2\/media?parent=1828"}],"curies":[{"name":"wp","href":"https:\/\/api.w.org\/{rel}","templated":true}]}}

Programas Música &#8211; 2022 &#8211; 2°Año

<ul>
<li><a href="https://crear-lpa.infd.edu.ar/sitio/wp-content/uploads/2023/05/Armonia-aplicada-a-la-Pract-Esc-II-_Diego-Diaz.pdf">Armonía aplicada a la Práctica Escolar II &#8211; Prof Diego Díaz.</a></li>



<li><a href="https://crear-lpa.infd.edu.ar/sitio/wp-content/uploads/2023/05/Didactica-General_Prof.-Alejandra-Baraybar.pdf">Didáctica General &#8211; Prof. Alejandra Baraybar.</a></li>



<li><a href="https://crear-lpa.infd.edu.ar/sitio/wp-content/uploads/2023/05/ESI-2022-_TamagnoneAlvarez.pdf">ESI &#8211; Prof. Tamagnone &#8211; Alvarez.</a></li>



<li><a href="https://crear-lpa.infd.edu.ar/sitio/wp-content/uploads/2023/05/Formacion-vocal-II_Poggi.pdf">Formación vocal II &#8211; Prof. Poggi.</a></li>



<li><a href="https://crear-lpa.infd.edu.ar/sitio/wp-content/uploads/2023/05/Guitarra-Complementaria-II-Atilio-Abarca.pdf">Guitarra Complementaria II &#8211; Prof. Atilio Abarca.</a></li>



<li><a href="https://crear-lpa.infd.edu.ar/sitio/wp-content/uploads/2023/05/Guitarra-II_Prof.-Atilio-Abarca.pdf">Guitarra II &#8211; Prof. Atilio Abarca.</a></li>



<li><a href="https://crear-lpa.infd.edu.ar/sitio/wp-content/uploads/2023/05/Guitarra-II-Cristian-Mitzig.pdf">Guitarra II &#8211; Prof. Cristian Mitzig.</a></li>



<li><a href="https://crear-lpa.infd.edu.ar/sitio/wp-content/uploads/2023/05/Piano-compl.-II_Programa_Viviana-Dal-Santo.pdf">Piano complementario II Prof. Viviana Dal Santo.</a></li>



<li><a href="https://crear-lpa.infd.edu.ar/sitio/wp-content/uploads/2023/05/Piano-Complementario-II_Poggi.pdf">Piano Complementario II &#8211; Prof Poggi.</a></li>



<li><a href="https://crear-lpa.infd.edu.ar/sitio/wp-content/uploads/2023/05/Piano-II-2022_Viviana-Dal-Santo.pdf">Piano II &#8211; Prof. Viviana Dal Santo.</a></li>



<li><a href="https://crear-lpa.infd.edu.ar/sitio/wp-content/uploads/2023/05/Piano-II_Alberto-Gatica.pdf">Piano II &#8211; Prof. Alberto Gatica.</a></li>



<li><a href="https://crear-lpa.infd.edu.ar/sitio/wp-content/uploads/2023/05/Sociologia-de-la-educacion_Prof.-Pablo-Garcia.pdf">Sociología de la educación- Prof. Pablo García.</a></li>



<li><a href="https://crear-lpa.infd.edu.ar/sitio/wp-content/uploads/2023/05/Sujeto-de-la-educ.-I-Prof.-Olivares.pdf">Sujeto de la educación I &#8211; Prof. Olivares.</a></li>
</ul>
