{"id":1838,"date":"2023-05-23T19:26:54","date_gmt":"2023-05-23T22:26:54","guid":{"rendered":"https:\/\/crear-lpa.infd.edu.ar\/sitio\/?page_id=1838"},"modified":"2023-12-14T19:38:55","modified_gmt":"2023-12-14T22:38:55","slug":"programas-musica-2022-3anio","status":"publish","type":"page","link":"https:\/\/crear-lpa.infd.edu.ar\/sitio\/programas-musica-2022-3anio\/","title":{"rendered":"Programas M\u00fasica &#8211; 2022 &#8211; 3\u00b0A\u00f1o"},"content":{"rendered":"\n<ul>\n<li><a href=\"https:\/\/crear-lpa.infd.edu.ar\/sitio\/wp-content\/uploads\/2023\/05\/Didactica-de-la-Musica-II_Programa_Prof.-Ataun.pdf\">Did\u00e1ctica de la M\u00fasica II &#8211; Prof. Ata\u00fan.<\/a><\/li>\n\n\n\n<li><a href=\"https:\/\/crear-lpa.infd.edu.ar\/sitio\/wp-content\/uploads\/2023\/05\/EDI-II_Arte-sin-juzgarte_Prof.-Guillermo-Schiavi-Gon.pdf\">EDI II &#8211; Arte sin juzgarte &#8211; Prof. Guillermo Schiavi Gon.<\/a><\/li>\n\n\n\n<li><a href=\"https:\/\/crear-lpa.infd.edu.ar\/sitio\/wp-content\/uploads\/2023\/05\/EDI-II_Percusion_Prof.-Guillermo-Schiavi-Gon.pdf\">EDI II &#8211; Percusi\u00f3n &#8211; Prof. Guillermo Schiavi Gon.<\/a><\/li>\n\n\n\n<li><a href=\"https:\/\/crear-lpa.infd.edu.ar\/sitio\/wp-content\/uploads\/2023\/05\/Guitarra-III_Prof.-Atilio-Abarca.pdf\">Guitarra III &#8211; Prof. Atilio Abarca.<\/a><\/li>\n\n\n\n<li><a href=\"https:\/\/crear-lpa.infd.edu.ar\/sitio\/wp-content\/uploads\/2023\/05\/Guitarra-III_Prof.-Cristian-Mitzig.pdf\">Guitarra III &#8211; Prof. Cristian Mitzig.<\/a><\/li>\n\n\n\n<li><a href=\"https:\/\/crear-lpa.infd.edu.ar\/sitio\/wp-content\/uploads\/2023\/05\/Hist-de-la-Musica-I-Prof.-Machado.pdf\">Historia de la M\u00fasica I &#8211; Prof. Machado.<\/a><\/li>\n\n\n\n<li><a href=\"https:\/\/crear-lpa.infd.edu.ar\/sitio\/wp-content\/uploads\/2023\/05\/Lenguaje-Musical-III-Prof.-Acosta-Juarez.pdf\">Lenguaje Musical III &#8211; Prof. Acosta Ju\u00e1rez.<\/a><\/li>\n\n\n\n<li><a href=\"https:\/\/crear-lpa.infd.edu.ar\/sitio\/wp-content\/uploads\/2023\/05\/Piano-III_Prof.-Viviana-Dal-Santo.pdf\">Piano III &#8211; Prof. Viviana Dal Santo.<\/a><\/li>\n\n\n\n<li><a href=\"https:\/\/crear-lpa.infd.edu.ar\/sitio\/wp-content\/uploads\/2023\/05\/Practica-y-Reflexion-Docente-III_Prof.-Guillermo-Schiavi-Gon_Prof.-Adriana-Mugabure.pdf\">Pr\u00e1ctica y Reflexi\u00f3n Docente III &#8211; Prof. Guillermo Schiavi Gon &#8211; Prof. Adriana Mugabure.<\/a><\/li>\n\n\n\n<li><a href=\"https:\/\/crear-lpa.infd.edu.ar\/sitio\/wp-content\/uploads\/2023\/05\/Taller-de-Produccion-I-2022_Programa_Viviana-Dal-Santo.pdf\">Taller de Producci\u00f3n I &#8211; Programa &#8211; Viviana Dal Santo.<\/a><\/li>\n<\/ul>\n","protected":false},"excerpt":{"rendered":"","protected":false},"author":32,"featured_media":0,"parent":0,"menu_order":0,"comment_status":"closed","ping_status":"closed","template":"","meta":[],"acf":[],"_links":{"self":[{"href":"https:\/\/crear-lpa.infd.edu.ar\/sitio\/wp-json\/wp\/v2\/pages\/1838"}],"collection":[{"href":"https:\/\/crear-lpa.infd.edu.ar\/sitio\/wp-json\/wp\/v2\/pages"}],"about":[{"href":"https:\/\/crear-lpa.infd.edu.ar\/sitio\/wp-json\/wp\/v2\/types\/page"}],"author":[{"embeddable":true,"href":"https:\/\/crear-lpa.infd.edu.ar\/sitio\/wp-json\/wp\/v2\/users\/32"}],"replies":[{"embeddable":true,"href":"https:\/\/crear-lpa.infd.edu.ar\/sitio\/wp-json\/wp\/v2\/comments?post=1838"}],"version-history":[{"count":4,"href":"https:\/\/crear-lpa.infd.edu.ar\/sitio\/wp-json\/wp\/v2\/pages\/1838\/revisions"}],"predecessor-version":[{"id":2185,"href":"https:\/\/crear-lpa.infd.edu.ar\/sitio\/wp-json\/wp\/v2\/pages\/1838\/revisions\/2185"}],"wp:attachment":[{"href":"https:\/\/crear-lpa.infd.edu.ar\/sitio\/wp-json\/wp\/v2\/media?parent=1838"}],"curies":[{"name":"wp","href":"https:\/\/api.w.org\/{rel}","templated":true}]}}

Programas Música &#8211; 2022 &#8211; 3°Año

<ul>
<li><a href="https://crear-lpa.infd.edu.ar/sitio/wp-content/uploads/2023/05/Didactica-de-la-Musica-II_Programa_Prof.-Ataun.pdf">Didáctica de la Música II &#8211; Prof. Ataún.</a></li>



<li><a href="https://crear-lpa.infd.edu.ar/sitio/wp-content/uploads/2023/05/EDI-II_Arte-sin-juzgarte_Prof.-Guillermo-Schiavi-Gon.pdf">EDI II &#8211; Arte sin juzgarte &#8211; Prof. Guillermo Schiavi Gon.</a></li>



<li><a href="https://crear-lpa.infd.edu.ar/sitio/wp-content/uploads/2023/05/EDI-II_Percusion_Prof.-Guillermo-Schiavi-Gon.pdf">EDI II &#8211; Percusión &#8211; Prof. Guillermo Schiavi Gon.</a></li>



<li><a href="https://crear-lpa.infd.edu.ar/sitio/wp-content/uploads/2023/05/Guitarra-III_Prof.-Atilio-Abarca.pdf">Guitarra III &#8211; Prof. Atilio Abarca.</a></li>



<li><a href="https://crear-lpa.infd.edu.ar/sitio/wp-content/uploads/2023/05/Guitarra-III_Prof.-Cristian-Mitzig.pdf">Guitarra III &#8211; Prof. Cristian Mitzig.</a></li>



<li><a href="https://crear-lpa.infd.edu.ar/sitio/wp-content/uploads/2023/05/Hist-de-la-Musica-I-Prof.-Machado.pdf">Historia de la Música I &#8211; Prof. Machado.</a></li>



<li><a href="https://crear-lpa.infd.edu.ar/sitio/wp-content/uploads/2023/05/Lenguaje-Musical-III-Prof.-Acosta-Juarez.pdf">Lenguaje Musical III &#8211; Prof. Acosta Juárez.</a></li>



<li><a href="https://crear-lpa.infd.edu.ar/sitio/wp-content/uploads/2023/05/Piano-III_Prof.-Viviana-Dal-Santo.pdf">Piano III &#8211; Prof. Viviana Dal Santo.</a></li>



<li><a href="https://crear-lpa.infd.edu.ar/sitio/wp-content/uploads/2023/05/Practica-y-Reflexion-Docente-III_Prof.-Guillermo-Schiavi-Gon_Prof.-Adriana-Mugabure.pdf">Práctica y Reflexión Docente III &#8211; Prof. Guillermo Schiavi Gon &#8211; Prof. Adriana Mugabure.</a></li>



<li><a href="https://crear-lpa.infd.edu.ar/sitio/wp-content/uploads/2023/05/Taller-de-Produccion-I-2022_Programa_Viviana-Dal-Santo.pdf">Taller de Producción I &#8211; Programa &#8211; Viviana Dal Santo.</a></li>
</ul>
