{"id":1874,"date":"2023-06-01T19:47:53","date_gmt":"2023-06-01T22:47:53","guid":{"rendered":"https:\/\/crear-lpa.infd.edu.ar\/sitio\/?page_id=1874"},"modified":"2023-06-06T17:15:03","modified_gmt":"2023-06-06T20:15:03","slug":"programas-artes-visuales-2022-4ano","status":"publish","type":"page","link":"https:\/\/crear-lpa.infd.edu.ar\/sitio\/programas-artes-visuales-2022-4ano\/","title":{"rendered":"Programas Artes Visuales \u2013 2022 \u2013 4\u00b0A\u00f1o"},"content":{"rendered":"\n<p>4\u00b0A\u00f1o<\/p>\n\n\n\n<ul id=\"block-824d19cf-230d-4cc9-bd82-60dfbb275e60\">\n<li><a href=\"https:\/\/crear-lpa.infd.edu.ar\/sitio\/wp-content\/uploads\/2023\/06\/Arte-publico_Agustina-Ricci.pdf\">Arte p\u00fablico &#8211; Prof. Agustina Ricci.<\/a><\/li>\n\n\n\n<li><a href=\"https:\/\/crear-lpa.infd.edu.ar\/sitio\/wp-content\/uploads\/2023\/06\/Arte-textil-_-Sape-Andrea.pdf\">Arte textil &#8211; Prof. Sape Andrea.<\/a><\/li>\n\n\n\n<li><a href=\"https:\/\/crear-lpa.infd.edu.ar\/sitio\/wp-content\/uploads\/2023\/06\/Escenografia-Taller-de-Imagen-Escenica_Loreley-Carcamo.pdf\">Escenograf\u00eda &#8211; Taller de Imagen Esc\u00e9nica &#8211; Prof. Loreley C\u00e1rcamo.<\/a><\/li>\n\n\n\n<li><a href=\"https:\/\/crear-lpa.infd.edu.ar\/sitio\/wp-content\/uploads\/2023\/06\/Escultura-y-su-didactica-II_Monlezun_Funaro.pdf\">Escultura y su did\u00e1ctica II &#8211; Prof. Monlez\u00fan &#8211; Funaro.<\/a><\/li>\n\n\n\n<li><a href=\"https:\/\/crear-lpa.infd.edu.ar\/sitio\/wp-content\/uploads\/2023\/06\/Estetica_Simon-Bedotti.pdf\">Est\u00e9tica &#8211; Prof. Sim\u00f3n Bedotti.<\/a><\/li>\n\n\n\n<li><a href=\"https:\/\/crear-lpa.infd.edu.ar\/sitio\/wp-content\/uploads\/2023\/06\/Grabado-y-su-didactica-II_Dini-Calderon.pdf\">Grabado y su did\u00e1ctica II &#8211; Prof. Dini Calderon.<\/a><\/li>\n\n\n\n<li><a href=\"https:\/\/crear-lpa.infd.edu.ar\/sitio\/wp-content\/uploads\/2023\/06\/Lenguaje-Visual-IV_Agustina-Ricci.pdf\">Lenguaje Visual IV &#8211; Prof. Agustina Ricci.<\/a><\/li>\n\n\n\n<li><a href=\"https:\/\/crear-lpa.infd.edu.ar\/sitio\/wp-content\/uploads\/2023\/06\/Pintura-y-su-didactica-_Brenda-Cabral.pdf\">Pintura y su did\u00e1ctica &#8211; Prof. Brenda Cabral.<\/a><\/li>\n\n\n\n<li><a href=\"https:\/\/crear-lpa.infd.edu.ar\/sitio\/wp-content\/uploads\/2023\/06\/Produccion-Artesanal-TALLER-El-arte-del-Papel-Loreley-Carcamo.pdf\">Producci\u00f3n Artesanal &#8211; Taller: El arte del Papel &#8211; Prof. Loreley C\u00e1rcamo.<\/a><\/li>\n\n\n\n<li><a href=\"https:\/\/crear-lpa.infd.edu.ar\/sitio\/wp-content\/uploads\/2023\/06\/RESIDENCIA-PEDAGOGICA_Mansilla_Martinez.pdf\">Residencia Pedag\u00f3gica &#8211; Prof. Mansilla &#8211; Mart\u00ednez.<\/a><\/li>\n<\/ul>\n","protected":false},"excerpt":{"rendered":"<p>4\u00b0A\u00f1o<\/p>\n","protected":false},"author":32,"featured_media":0,"parent":0,"menu_order":0,"comment_status":"closed","ping_status":"closed","template":"","meta":[],"acf":[],"_links":{"self":[{"href":"https:\/\/crear-lpa.infd.edu.ar\/sitio\/wp-json\/wp\/v2\/pages\/1874"}],"collection":[{"href":"https:\/\/crear-lpa.infd.edu.ar\/sitio\/wp-json\/wp\/v2\/pages"}],"about":[{"href":"https:\/\/crear-lpa.infd.edu.ar\/sitio\/wp-json\/wp\/v2\/types\/page"}],"author":[{"embeddable":true,"href":"https:\/\/crear-lpa.infd.edu.ar\/sitio\/wp-json\/wp\/v2\/users\/32"}],"replies":[{"embeddable":true,"href":"https:\/\/crear-lpa.infd.edu.ar\/sitio\/wp-json\/wp\/v2\/comments?post=1874"}],"version-history":[{"count":4,"href":"https:\/\/crear-lpa.infd.edu.ar\/sitio\/wp-json\/wp\/v2\/pages\/1874\/revisions"}],"predecessor-version":[{"id":1885,"href":"https:\/\/crear-lpa.infd.edu.ar\/sitio\/wp-json\/wp\/v2\/pages\/1874\/revisions\/1885"}],"wp:attachment":[{"href":"https:\/\/crear-lpa.infd.edu.ar\/sitio\/wp-json\/wp\/v2\/media?parent=1874"}],"curies":[{"name":"wp","href":"https:\/\/api.w.org\/{rel}","templated":true}]}}

Programas Artes Visuales – 2022 – 4°Año

<p>4°Año</p>



<ul id="block-824d19cf-230d-4cc9-bd82-60dfbb275e60">
<li><a href="https://crear-lpa.infd.edu.ar/sitio/wp-content/uploads/2023/06/Arte-publico_Agustina-Ricci.pdf">Arte público &#8211; Prof. Agustina Ricci.</a></li>



<li><a href="https://crear-lpa.infd.edu.ar/sitio/wp-content/uploads/2023/06/Arte-textil-_-Sape-Andrea.pdf">Arte textil &#8211; Prof. Sape Andrea.</a></li>



<li><a href="https://crear-lpa.infd.edu.ar/sitio/wp-content/uploads/2023/06/Escenografia-Taller-de-Imagen-Escenica_Loreley-Carcamo.pdf">Escenografía &#8211; Taller de Imagen Escénica &#8211; Prof. Loreley Cárcamo.</a></li>



<li><a href="https://crear-lpa.infd.edu.ar/sitio/wp-content/uploads/2023/06/Escultura-y-su-didactica-II_Monlezun_Funaro.pdf">Escultura y su didáctica II &#8211; Prof. Monlezún &#8211; Funaro.</a></li>



<li><a href="https://crear-lpa.infd.edu.ar/sitio/wp-content/uploads/2023/06/Estetica_Simon-Bedotti.pdf">Estética &#8211; Prof. Simón Bedotti.</a></li>



<li><a href="https://crear-lpa.infd.edu.ar/sitio/wp-content/uploads/2023/06/Grabado-y-su-didactica-II_Dini-Calderon.pdf">Grabado y su didáctica II &#8211; Prof. Dini Calderon.</a></li>



<li><a href="https://crear-lpa.infd.edu.ar/sitio/wp-content/uploads/2023/06/Lenguaje-Visual-IV_Agustina-Ricci.pdf">Lenguaje Visual IV &#8211; Prof. Agustina Ricci.</a></li>



<li><a href="https://crear-lpa.infd.edu.ar/sitio/wp-content/uploads/2023/06/Pintura-y-su-didactica-_Brenda-Cabral.pdf">Pintura y su didáctica &#8211; Prof. Brenda Cabral.</a></li>



<li><a href="https://crear-lpa.infd.edu.ar/sitio/wp-content/uploads/2023/06/Produccion-Artesanal-TALLER-El-arte-del-Papel-Loreley-Carcamo.pdf">Producción Artesanal &#8211; Taller: El arte del Papel &#8211; Prof. Loreley Cárcamo.</a></li>



<li><a href="https://crear-lpa.infd.edu.ar/sitio/wp-content/uploads/2023/06/RESIDENCIA-PEDAGOGICA_Mansilla_Martinez.pdf">Residencia Pedagógica &#8211; Prof. Mansilla &#8211; Martínez.</a></li>
</ul>

<p>4°Año</p>
