{"id":1909,"date":"2023-06-08T18:55:02","date_gmt":"2023-06-08T21:55:02","guid":{"rendered":"https:\/\/crear-lpa.infd.edu.ar\/sitio\/?page_id=1909"},"modified":"2023-06-08T19:20:34","modified_gmt":"2023-06-08T22:20:34","slug":"programas-artes-visuales-2022-1ano","status":"publish","type":"page","link":"https:\/\/crear-lpa.infd.edu.ar\/sitio\/programas-artes-visuales-2022-1ano\/","title":{"rendered":"Programas Artes Visuales \u2013 2022 \u2013 1\u00b0A\u00f1o"},"content":{"rendered":"\n<p>1\u00b0A\u00f1o<\/p>\n\n\n\n<ul id=\"block-824d19cf-230d-4cc9-bd82-60dfbb275e60\">\n<li><a href=\"https:\/\/crear-lpa.infd.edu.ar\/sitio\/wp-content\/uploads\/2023\/06\/Alfabetizacion_Luciana-Ferratto.pdf\">Alfabetizaci\u00f3n &#8211; Prof. Luciana Ferratto.<\/a><\/li>\n\n\n\n<li><a href=\"https:\/\/crear-lpa.infd.edu.ar\/sitio\/wp-content\/uploads\/2023\/06\/Alfabetizacion-academica_Consigna-Producc-Socializadora.pdf\">Alfabetizaci\u00f3n acad\u00e9mica &#8211; Consigna Producci\u00f3n Socializadora &#8211; Prof. Luciana Ferratto.<\/a><\/li>\n\n\n\n<li><a href=\"https:\/\/crear-lpa.infd.edu.ar\/sitio\/wp-content\/uploads\/2023\/06\/Ceramica_Alumno-libre_Andrea-Sape.pdf\">Cer\u00e1mica &#8211; Alumno libre &#8211; Prof. Andrea Sape.<\/a><\/li>\n\n\n\n<li><a href=\"https:\/\/crear-lpa.infd.edu.ar\/sitio\/wp-content\/uploads\/2023\/06\/Ceramica_Alumno-regular_Andrea-Sape.pdf\">Cer\u00e1mica &#8211; Alumno regular &#8211; Prof. Andrea Sape.<\/a><\/li>\n\n\n\n<li><a href=\"https:\/\/crear-lpa.infd.edu.ar\/sitio\/wp-content\/uploads\/2023\/06\/Ceramica_Orsi.pdf\">Cer\u00e1mica &#8211; Prof. Orsi.<\/a><\/li>\n\n\n\n<li><a href=\"https:\/\/crear-lpa.infd.edu.ar\/sitio\/wp-content\/uploads\/2023\/06\/Escultura_Alumno-Libre_Carolina-Monlezun.pdf\">Escultura &#8211; Alumno Libre &#8211; Prof. Carolina Monlez\u00fan.<\/a><\/li>\n\n\n\n<li><a href=\"https:\/\/crear-lpa.infd.edu.ar\/sitio\/wp-content\/uploads\/2023\/06\/Grabado_Agustina-Ricci.pdf\">Grabado &#8211; Prof. Agustina Ricci.<\/a><\/li>\n\n\n\n<li><a href=\"https:\/\/crear-lpa.infd.edu.ar\/sitio\/wp-content\/uploads\/2023\/06\/Lenguaje-Visual-I_Orsi-Funaro-Eyheramonho.pdf\">Lenguaje Visual I &#8211; Prof. Orsi &#8211; Funaro &#8211; Eyheramonho.<\/a><\/li>\n\n\n\n<li><a href=\"https:\/\/crear-lpa.infd.edu.ar\/sitio\/wp-content\/uploads\/2023\/06\/Pedagogia_Angela-Tapia.pdf\">Pedagog\u00eda &#8211; Prof. Angela Tapia.<\/a><\/li>\n\n\n\n<li><a href=\"https:\/\/crear-lpa.infd.edu.ar\/sitio\/wp-content\/uploads\/2023\/06\/Pedagogia_Araceli-Ruiz.pdf\">Pedagog\u00eda &#8211; Prof. Araceli Ruiz.<\/a><\/li>\n\n\n\n<li><a href=\"https:\/\/crear-lpa.infd.edu.ar\/sitio\/wp-content\/uploads\/2023\/06\/Pedagogia_Daniel-Prezzavento.pdf\">Pedagog\u00eda &#8211; Prof. Daniel Prezzavento.<\/a><\/li>\n\n\n\n<li><a href=\"https:\/\/crear-lpa.infd.edu.ar\/sitio\/wp-content\/uploads\/2023\/06\/Pintura_Brenda-Cabral.pdf\">Pintura &#8211; Prof. Brenda Cabral.<\/a><\/li>\n\n\n\n<li><a href=\"https:\/\/crear-lpa.infd.edu.ar\/sitio\/wp-content\/uploads\/2023\/06\/Practica-y-reflexion-Docente-I_Cabral_Tapia.pdf\">Pr\u00e1ctica y reflexi\u00f3n Docente I &#8211; Prof. Cabral &#8211; Tapia.<\/a><\/li>\n\n\n\n<li><a href=\"https:\/\/crear-lpa.infd.edu.ar\/sitio\/wp-content\/uploads\/2023\/06\/Practica-y-reflexion-Docente-I_Mansilla_Carcamo.pdf\">Pr\u00e1ctica y reflexi\u00f3n Docente I &#8211; Prof. Mansilla &#8211; C\u00e1rcamo.<\/a><\/li>\n\n\n\n<li><a href=\"https:\/\/crear-lpa.infd.edu.ar\/sitio\/wp-content\/uploads\/2023\/06\/Psicologia-educacional_Zuazo.pdf\">Psicolog\u00eda educacional &#8211; Prof. Zuazo.<\/a><\/li>\n<\/ul>\n","protected":false},"excerpt":{"rendered":"<p>1\u00b0A\u00f1o<\/p>\n","protected":false},"author":32,"featured_media":0,"parent":0,"menu_order":0,"comment_status":"closed","ping_status":"closed","template":"","meta":[],"acf":[],"_links":{"self":[{"href":"https:\/\/crear-lpa.infd.edu.ar\/sitio\/wp-json\/wp\/v2\/pages\/1909"}],"collection":[{"href":"https:\/\/crear-lpa.infd.edu.ar\/sitio\/wp-json\/wp\/v2\/pages"}],"about":[{"href":"https:\/\/crear-lpa.infd.edu.ar\/sitio\/wp-json\/wp\/v2\/types\/page"}],"author":[{"embeddable":true,"href":"https:\/\/crear-lpa.infd.edu.ar\/sitio\/wp-json\/wp\/v2\/users\/32"}],"replies":[{"embeddable":true,"href":"https:\/\/crear-lpa.infd.edu.ar\/sitio\/wp-json\/wp\/v2\/comments?post=1909"}],"version-history":[{"count":4,"href":"https:\/\/crear-lpa.infd.edu.ar\/sitio\/wp-json\/wp\/v2\/pages\/1909\/revisions"}],"predecessor-version":[{"id":1917,"href":"https:\/\/crear-lpa.infd.edu.ar\/sitio\/wp-json\/wp\/v2\/pages\/1909\/revisions\/1917"}],"wp:attachment":[{"href":"https:\/\/crear-lpa.infd.edu.ar\/sitio\/wp-json\/wp\/v2\/media?parent=1909"}],"curies":[{"name":"wp","href":"https:\/\/api.w.org\/{rel}","templated":true}]}}

Programas Artes Visuales – 2022 – 1°Año

<p>1°Año</p>



<ul id="block-824d19cf-230d-4cc9-bd82-60dfbb275e60">
<li><a href="https://crear-lpa.infd.edu.ar/sitio/wp-content/uploads/2023/06/Alfabetizacion_Luciana-Ferratto.pdf">Alfabetización &#8211; Prof. Luciana Ferratto.</a></li>



<li><a href="https://crear-lpa.infd.edu.ar/sitio/wp-content/uploads/2023/06/Alfabetizacion-academica_Consigna-Producc-Socializadora.pdf">Alfabetización académica &#8211; Consigna Producción Socializadora &#8211; Prof. Luciana Ferratto.</a></li>



<li><a href="https://crear-lpa.infd.edu.ar/sitio/wp-content/uploads/2023/06/Ceramica_Alumno-libre_Andrea-Sape.pdf">Cerámica &#8211; Alumno libre &#8211; Prof. Andrea Sape.</a></li>



<li><a href="https://crear-lpa.infd.edu.ar/sitio/wp-content/uploads/2023/06/Ceramica_Alumno-regular_Andrea-Sape.pdf">Cerámica &#8211; Alumno regular &#8211; Prof. Andrea Sape.</a></li>



<li><a href="https://crear-lpa.infd.edu.ar/sitio/wp-content/uploads/2023/06/Ceramica_Orsi.pdf">Cerámica &#8211; Prof. Orsi.</a></li>



<li><a href="https://crear-lpa.infd.edu.ar/sitio/wp-content/uploads/2023/06/Escultura_Alumno-Libre_Carolina-Monlezun.pdf">Escultura &#8211; Alumno Libre &#8211; Prof. Carolina Monlezún.</a></li>



<li><a href="https://crear-lpa.infd.edu.ar/sitio/wp-content/uploads/2023/06/Grabado_Agustina-Ricci.pdf">Grabado &#8211; Prof. Agustina Ricci.</a></li>



<li><a href="https://crear-lpa.infd.edu.ar/sitio/wp-content/uploads/2023/06/Lenguaje-Visual-I_Orsi-Funaro-Eyheramonho.pdf">Lenguaje Visual I &#8211; Prof. Orsi &#8211; Funaro &#8211; Eyheramonho.</a></li>



<li><a href="https://crear-lpa.infd.edu.ar/sitio/wp-content/uploads/2023/06/Pedagogia_Angela-Tapia.pdf">Pedagogía &#8211; Prof. Angela Tapia.</a></li>



<li><a href="https://crear-lpa.infd.edu.ar/sitio/wp-content/uploads/2023/06/Pedagogia_Araceli-Ruiz.pdf">Pedagogía &#8211; Prof. Araceli Ruiz.</a></li>



<li><a href="https://crear-lpa.infd.edu.ar/sitio/wp-content/uploads/2023/06/Pedagogia_Daniel-Prezzavento.pdf">Pedagogía &#8211; Prof. Daniel Prezzavento.</a></li>



<li><a href="https://crear-lpa.infd.edu.ar/sitio/wp-content/uploads/2023/06/Pintura_Brenda-Cabral.pdf">Pintura &#8211; Prof. Brenda Cabral.</a></li>



<li><a href="https://crear-lpa.infd.edu.ar/sitio/wp-content/uploads/2023/06/Practica-y-reflexion-Docente-I_Cabral_Tapia.pdf">Práctica y reflexión Docente I &#8211; Prof. Cabral &#8211; Tapia.</a></li>



<li><a href="https://crear-lpa.infd.edu.ar/sitio/wp-content/uploads/2023/06/Practica-y-reflexion-Docente-I_Mansilla_Carcamo.pdf">Práctica y reflexión Docente I &#8211; Prof. Mansilla &#8211; Cárcamo.</a></li>



<li><a href="https://crear-lpa.infd.edu.ar/sitio/wp-content/uploads/2023/06/Psicologia-educacional_Zuazo.pdf">Psicología educacional &#8211; Prof. Zuazo.</a></li>
</ul>

<p>1°Año</p>
