{"id":1943,"date":"2023-06-15T18:27:51","date_gmt":"2023-06-15T21:27:51","guid":{"rendered":"https:\/\/crear-lpa.infd.edu.ar\/sitio\/?page_id=1943"},"modified":"2023-06-15T18:50:40","modified_gmt":"2023-06-15T21:50:40","slug":"programas-artes-visuales-2022-2ano","status":"publish","type":"page","link":"https:\/\/crear-lpa.infd.edu.ar\/sitio\/programas-artes-visuales-2022-2ano\/","title":{"rendered":"Programas Artes Visuales \u2013 2022 \u2013 2\u00b0A\u00f1o"},"content":{"rendered":"\n<p>2\u00b0A\u00f1o<\/p>\n\n\n\n<ul id=\"block-824d19cf-230d-4cc9-bd82-60dfbb275e60\">\n<li><a href=\"https:\/\/crear-lpa.infd.edu.ar\/sitio\/wp-content\/uploads\/2023\/06\/Ceramica_Natalia-Orsi.pdf\">Cer\u00e1mica &#8211; Prof. Natalia Orsi.<\/a><\/li>\n\n\n\n<li><a href=\"https:\/\/crear-lpa.infd.edu.ar\/sitio\/wp-content\/uploads\/2023\/06\/Ceramica_Estudiante-Libre_Natalia-Orsi.pdf\">Cer\u00e1mica &#8211; Estudiante Libre &#8211; Prof. Natalia Orsi.<\/a><\/li>\n\n\n\n<li><a href=\"https:\/\/crear-lpa.infd.edu.ar\/sitio\/wp-content\/uploads\/2023\/06\/Dibujo-II_Ivana-Fracca.pdf\">Dibujo II &#8211; Prof. Ivana Fracca.<\/a><\/li>\n\n\n\n<li><a href=\"https:\/\/crear-lpa.infd.edu.ar\/sitio\/wp-content\/uploads\/2023\/06\/Dibujo-II-Loreley-Carcamo.pdf\">Dibujo II &#8211; Prof. Loreley C\u00e1rcamo.<\/a><\/li>\n\n\n\n<li><a href=\"https:\/\/crear-lpa.infd.edu.ar\/sitio\/wp-content\/uploads\/2023\/06\/Didactica-de-las-Artes-Visuales-I_Eyheramonho-Carolina_Funaro-Mirta.pdf\">Did\u00e1ctica de las Artes Visuales I &#8211; Prof. Eyheramonho Carolina &#8211; Funaro Mirta.<\/a><\/li>\n\n\n\n<li><a href=\"https:\/\/crear-lpa.infd.edu.ar\/sitio\/wp-content\/uploads\/2023\/06\/Didactica-General_Angela-Tapia.pdf\">Did\u00e1ctica General &#8211; Prof. Angela Tapia.<\/a><\/li>\n\n\n\n<li><a href=\"https:\/\/crear-lpa.infd.edu.ar\/sitio\/wp-content\/uploads\/2023\/06\/Didactica-General_Griselda-Conde.pdf\">Did\u00e1ctica General &#8211; Prof. Griselda Conde.<\/a><\/li>\n\n\n\n<li><a href=\"https:\/\/crear-lpa.infd.edu.ar\/sitio\/wp-content\/uploads\/2023\/06\/Escultura-2III_Agustina-Ricci.pdf\">Escultura 2III &#8211; Prof. Agustina Ricci.<\/a><\/li>\n\n\n\n<li><a href=\"https:\/\/crear-lpa.infd.edu.ar\/sitio\/wp-content\/uploads\/2023\/06\/Escultura_Carolina-Molezun.pdf\">Escultura &#8211; Prof. Carolina Molez\u00fan.<\/a><\/li>\n\n\n\n<li><a href=\"https:\/\/crear-lpa.infd.edu.ar\/sitio\/wp-content\/uploads\/2023\/06\/Escultura_Alumno-libre_Carolina-Molezun.pdf\">Escultura &#8211; Alumno libre &#8211; Prof. Carolina Molez\u00fan.<\/a><\/li>\n\n\n\n<li><a href=\"https:\/\/crear-lpa.infd.edu.ar\/sitio\/wp-content\/uploads\/2023\/06\/Historia-de-las-artes-visuales-I_Agustina-Ricci.pdf\">Historia de las artes visuales I &#8211; Prof. Agustina Ricci.<\/a><\/li>\n\n\n\n<li><a href=\"https:\/\/crear-lpa.infd.edu.ar\/sitio\/wp-content\/uploads\/2023\/06\/Historia-de-las-artes-visuales-I_Alumno-Libre.pdf\">Historia de las artes visuales I &#8211; Alumno Libre &#8211; Prof. Agustina Ricci.<\/a><\/li>\n\n\n\n<li><a href=\"https:\/\/crear-lpa.infd.edu.ar\/sitio\/wp-content\/uploads\/2023\/06\/Lenguaje-Visual-II_Agustina-Ricci.pdf\">Lenguaje Visual II &#8211; Prof. Agustina Ricci.<\/a><\/li>\n\n\n\n<li><a href=\"https:\/\/crear-lpa.infd.edu.ar\/sitio\/wp-content\/uploads\/2023\/06\/Lenguaje-Visual-II_Libre_Agustina-Ricci.pdf\">Lenguaje Visual II &#8211; Alumno Libre -Prof. Agustina Ricci.<\/a><\/li>\n\n\n\n<li><a href=\"https:\/\/crear-lpa.infd.edu.ar\/sitio\/wp-content\/uploads\/2023\/06\/Pintura_Brenda-Cabral-1.pdf\">Pintura &#8211; Prof. Brenda Cabral.<\/a><\/li>\n\n\n\n<li><a href=\"https:\/\/crear-lpa.infd.edu.ar\/sitio\/wp-content\/uploads\/2023\/06\/Pintura_Mirta-Funaro.pdf\">Pintura &#8211; Prof. Mirta Funaro.<\/a><\/li>\n\n\n\n<li><a href=\"https:\/\/crear-lpa.infd.edu.ar\/sitio\/wp-content\/uploads\/2023\/06\/Practica-y-Reflexion-Docente-II_Curriculum-y-ensenanza-_Baraybar_Carcamo.pdf\">Pr\u00e1ctica y Reflexi\u00f3n Docente II &#8211; Curriculum y ense\u00f1anza &#8211; Prof. Baraybar &#8211; C\u00e1rcamo.<\/a><\/li>\n\n\n\n<li><a href=\"https:\/\/crear-lpa.infd.edu.ar\/sitio\/wp-content\/uploads\/2023\/06\/Practica-y-Reflexion-Docente-II_Curriculum-y-ensenanza_Irastorza_Funaro.pdf\">Pr\u00e1ctica y Reflexi\u00f3n Docente II &#8211; Curriculum y ense\u00f1anza &#8211; Prof. Irastorza &#8211; Funaro.<\/a><\/li>\n\n\n\n<li><a href=\"https:\/\/crear-lpa.infd.edu.ar\/sitio\/wp-content\/uploads\/2023\/06\/Sociologia-de-la-educacion_Lis-Rambur.pdf\">Sociolog\u00eda de la educaci\u00f3n &#8211; Prof. Lis Rambur.<\/a><\/li>\n\n\n\n<li><a href=\"https:\/\/crear-lpa.infd.edu.ar\/sitio\/wp-content\/uploads\/2023\/06\/Sujetos-de-la-Educacion_Griselda-Conde.pdf\">Sujetos de la Educaci\u00f3n &#8211; Prof. Griselda Conde.<\/a><\/li>\n<\/ul>\n","protected":false},"excerpt":{"rendered":"<p>2\u00b0A\u00f1o<\/p>\n","protected":false},"author":32,"featured_media":0,"parent":0,"menu_order":0,"comment_status":"closed","ping_status":"closed","template":"","meta":[],"acf":[],"_links":{"self":[{"href":"https:\/\/crear-lpa.infd.edu.ar\/sitio\/wp-json\/wp\/v2\/pages\/1943"}],"collection":[{"href":"https:\/\/crear-lpa.infd.edu.ar\/sitio\/wp-json\/wp\/v2\/pages"}],"about":[{"href":"https:\/\/crear-lpa.infd.edu.ar\/sitio\/wp-json\/wp\/v2\/types\/page"}],"author":[{"embeddable":true,"href":"https:\/\/crear-lpa.infd.edu.ar\/sitio\/wp-json\/wp\/v2\/users\/32"}],"replies":[{"embeddable":true,"href":"https:\/\/crear-lpa.infd.edu.ar\/sitio\/wp-json\/wp\/v2\/comments?post=1943"}],"version-history":[{"count":6,"href":"https:\/\/crear-lpa.infd.edu.ar\/sitio\/wp-json\/wp\/v2\/pages\/1943\/revisions"}],"predecessor-version":[{"id":1954,"href":"https:\/\/crear-lpa.infd.edu.ar\/sitio\/wp-json\/wp\/v2\/pages\/1943\/revisions\/1954"}],"wp:attachment":[{"href":"https:\/\/crear-lpa.infd.edu.ar\/sitio\/wp-json\/wp\/v2\/media?parent=1943"}],"curies":[{"name":"wp","href":"https:\/\/api.w.org\/{rel}","templated":true}]}}

Programas Artes Visuales – 2022 – 2°Año

<p>2°Año</p>



<ul id="block-824d19cf-230d-4cc9-bd82-60dfbb275e60">
<li><a href="https://crear-lpa.infd.edu.ar/sitio/wp-content/uploads/2023/06/Ceramica_Natalia-Orsi.pdf">Cerámica &#8211; Prof. Natalia Orsi.</a></li>



<li><a href="https://crear-lpa.infd.edu.ar/sitio/wp-content/uploads/2023/06/Ceramica_Estudiante-Libre_Natalia-Orsi.pdf">Cerámica &#8211; Estudiante Libre &#8211; Prof. Natalia Orsi.</a></li>



<li><a href="https://crear-lpa.infd.edu.ar/sitio/wp-content/uploads/2023/06/Dibujo-II_Ivana-Fracca.pdf">Dibujo II &#8211; Prof. Ivana Fracca.</a></li>



<li><a href="https://crear-lpa.infd.edu.ar/sitio/wp-content/uploads/2023/06/Dibujo-II-Loreley-Carcamo.pdf">Dibujo II &#8211; Prof. Loreley Cárcamo.</a></li>



<li><a href="https://crear-lpa.infd.edu.ar/sitio/wp-content/uploads/2023/06/Didactica-de-las-Artes-Visuales-I_Eyheramonho-Carolina_Funaro-Mirta.pdf">Didáctica de las Artes Visuales I &#8211; Prof. Eyheramonho Carolina &#8211; Funaro Mirta.</a></li>



<li><a href="https://crear-lpa.infd.edu.ar/sitio/wp-content/uploads/2023/06/Didactica-General_Angela-Tapia.pdf">Didáctica General &#8211; Prof. Angela Tapia.</a></li>



<li><a href="https://crear-lpa.infd.edu.ar/sitio/wp-content/uploads/2023/06/Didactica-General_Griselda-Conde.pdf">Didáctica General &#8211; Prof. Griselda Conde.</a></li>



<li><a href="https://crear-lpa.infd.edu.ar/sitio/wp-content/uploads/2023/06/Escultura-2III_Agustina-Ricci.pdf">Escultura 2III &#8211; Prof. Agustina Ricci.</a></li>



<li><a href="https://crear-lpa.infd.edu.ar/sitio/wp-content/uploads/2023/06/Escultura_Carolina-Molezun.pdf">Escultura &#8211; Prof. Carolina Molezún.</a></li>



<li><a href="https://crear-lpa.infd.edu.ar/sitio/wp-content/uploads/2023/06/Escultura_Alumno-libre_Carolina-Molezun.pdf">Escultura &#8211; Alumno libre &#8211; Prof. Carolina Molezún.</a></li>



<li><a href="https://crear-lpa.infd.edu.ar/sitio/wp-content/uploads/2023/06/Historia-de-las-artes-visuales-I_Agustina-Ricci.pdf">Historia de las artes visuales I &#8211; Prof. Agustina Ricci.</a></li>



<li><a href="https://crear-lpa.infd.edu.ar/sitio/wp-content/uploads/2023/06/Historia-de-las-artes-visuales-I_Alumno-Libre.pdf">Historia de las artes visuales I &#8211; Alumno Libre &#8211; Prof. Agustina Ricci.</a></li>



<li><a href="https://crear-lpa.infd.edu.ar/sitio/wp-content/uploads/2023/06/Lenguaje-Visual-II_Agustina-Ricci.pdf">Lenguaje Visual II &#8211; Prof. Agustina Ricci.</a></li>



<li><a href="https://crear-lpa.infd.edu.ar/sitio/wp-content/uploads/2023/06/Lenguaje-Visual-II_Libre_Agustina-Ricci.pdf">Lenguaje Visual II &#8211; Alumno Libre -Prof. Agustina Ricci.</a></li>



<li><a href="https://crear-lpa.infd.edu.ar/sitio/wp-content/uploads/2023/06/Pintura_Brenda-Cabral-1.pdf">Pintura &#8211; Prof. Brenda Cabral.</a></li>



<li><a href="https://crear-lpa.infd.edu.ar/sitio/wp-content/uploads/2023/06/Pintura_Mirta-Funaro.pdf">Pintura &#8211; Prof. Mirta Funaro.</a></li>



<li><a href="https://crear-lpa.infd.edu.ar/sitio/wp-content/uploads/2023/06/Practica-y-Reflexion-Docente-II_Curriculum-y-ensenanza-_Baraybar_Carcamo.pdf">Práctica y Reflexión Docente II &#8211; Curriculum y enseñanza &#8211; Prof. Baraybar &#8211; Cárcamo.</a></li>



<li><a href="https://crear-lpa.infd.edu.ar/sitio/wp-content/uploads/2023/06/Practica-y-Reflexion-Docente-II_Curriculum-y-ensenanza_Irastorza_Funaro.pdf">Práctica y Reflexión Docente II &#8211; Curriculum y enseñanza &#8211; Prof. Irastorza &#8211; Funaro.</a></li>



<li><a href="https://crear-lpa.infd.edu.ar/sitio/wp-content/uploads/2023/06/Sociologia-de-la-educacion_Lis-Rambur.pdf">Sociología de la educación &#8211; Prof. Lis Rambur.</a></li>



<li><a href="https://crear-lpa.infd.edu.ar/sitio/wp-content/uploads/2023/06/Sujetos-de-la-Educacion_Griselda-Conde.pdf">Sujetos de la Educación &#8211; Prof. Griselda Conde.</a></li>
</ul>

<p>2°Año</p>
