{"id":2123,"date":"2023-12-12T18:31:42","date_gmt":"2023-12-12T21:31:42","guid":{"rendered":"https:\/\/crear-lpa.infd.edu.ar\/sitio\/?page_id=2123"},"modified":"2025-04-15T18:12:20","modified_gmt":"2025-04-15T21:12:20","slug":"programas-artes-visuales-2023-2anio","status":"publish","type":"page","link":"https:\/\/crear-lpa.infd.edu.ar\/sitio\/programas-artes-visuales-2023-2anio\/","title":{"rendered":"Programas Artes Visuales \u2013 2023 \u2013 2\u00b0A\u00f1o"},"content":{"rendered":"\n<p><a href=\"https:\/\/crear-lpa.infd.edu.ar\/#facebook\" rel=\"noreferrer noopener\" target=\"_blank\"><\/a><\/p>\n\n\n\n<ul>\n<li><a href=\"https:\/\/crear-lpa.infd.edu.ar\/sitio\/wp-content\/uploads\/2024\/03\/Ceramica-II_Libre_Prof.-Orsi.pdf\">Cer\u00e1mica II &#8211; libre &#8211; Prof. Orsi.<\/a><\/li>\n\n\n\n<li><a href=\"https:\/\/crear-lpa.infd.edu.ar\/sitio\/wp-content\/uploads\/2024\/03\/Ceramica-II_Alumno-Regular_Orsi.pdf\">Cer\u00e1mica II &#8211; regular &#8211; Prof. Orsi.<\/a><\/li>\n\n\n\n<li><a href=\"https:\/\/crear-lpa.infd.edu.ar\/sitio\/wp-content\/uploads\/2023\/12\/Dibujo-II-Carcamo-.pdf\">Dibujo II &#8211; Prof. Loreley C\u00e1rcamo.<\/a><\/li>\n\n\n\n<li><a href=\"https:\/\/crear-lpa.infd.edu.ar\/sitio\/wp-content\/uploads\/2024\/03\/Didactica-de-las-artes-visuales-I_Prof.-Eyheramonho-y-Funaro..pdf\">Did\u00e1ctica de las artes visuales I &#8211; Prof. Eyheramonho\/Funaro.<\/a><\/li>\n\n\n\n<li><a href=\"https:\/\/crear-lpa.infd.edu.ar\/sitio\/wp-content\/uploads\/2023\/12\/Didactica-General_Prof.-Griselda-Conde.pdf\">Did\u00e1ctica General \u2013 Prof. Griselda Conde.<\/a><\/li>\n\n\n\n<li><a href=\"https:\/\/crear-lpa.infd.edu.ar\/sitio\/wp-content\/uploads\/2024\/03\/Didactica-General_Prof.-Angela-Tapia.pdf\">Did\u00e1ctica General \u2013 Prof. Tapia.<\/a><\/li>\n\n\n\n<li><a href=\"https:\/\/crear-lpa.infd.edu.ar\/sitio\/wp-content\/uploads\/2023\/12\/Escultura_Prof.-Carolina-Monlezun.pdf\">Escultura &#8211; Prof. Carolina Monlezun.<\/a><\/li>\n\n\n\n<li><a href=\"https:\/\/crear-lpa.infd.edu.ar\/sitio\/wp-content\/uploads\/2024\/03\/Escultura_Prof.-Ricci.pdf\">Escultura &#8211; Prof. Ricci.<\/a><\/li>\n\n\n\n<li><a href=\"https:\/\/crear-lpa.infd.edu.ar\/sitio\/wp-content\/uploads\/2024\/03\/Grabado_Prof.-Nestor-Dubie-1.pdf\">Grabado &#8211; Prof. Dubi\u00e9.<\/a><\/li>\n\n\n\n<li><a href=\"https:\/\/crear-lpa.infd.edu.ar\/sitio\/wp-content\/uploads\/2023\/12\/Historia-de-las-artes-visuales-I_Alumnos-libres_Prof.-Agustina-Ricci.pdf\">Historia de las artes visuales I &#8211; libre &#8211; Prof. Agustina Ricci.<\/a><\/li>\n\n\n\n<li><a href=\"https:\/\/crear-lpa.infd.edu.ar\/sitio\/wp-content\/uploads\/2024\/03\/Historia-de-las-Artes-Visuales-I_Alumnos-regulares_Prof.-Ricci.pdf\">Historia de las artes visuales I &#8211; regular &#8211; Prof. Agustina Ricci.<\/a><\/li>\n\n\n\n<li><a href=\"https:\/\/crear-lpa.infd.edu.ar\/sitio\/wp-content\/uploads\/2024\/03\/Programa-Historia-de-las-Artes-Vis.-I_Prof.-Monica-Furriol.pdf\">Historia de las artes visuales I &#8211;  Prof. M\u00f3nica Furriol.<\/a><\/li>\n\n\n\n<li><a href=\"https:\/\/crear-lpa.infd.edu.ar\/sitio\/wp-content\/uploads\/2023\/12\/Historia-Social-Argentina-y-Latinoamericana_Prof.-Olave-y-Bacha.pdf\">Historia Social Argentina y Latinoamericana &#8211; Prof. Olave\/Bacha.<\/a><\/li>\n\n\n\n<li><a href=\"https:\/\/crear-lpa.infd.edu.ar\/sitio\/wp-content\/uploads\/2023\/12\/Lenguaje-Visual-II_Prof.Ricci_Fracca.pdf\">Lenguaje Visual II &#8211; Prof. Ricci\/Fracca.<\/a><\/li>\n\n\n\n<li><a href=\"https:\/\/crear-lpa.infd.edu.ar\/sitio\/wp-content\/uploads\/2024\/03\/Lenguaje-Visual-II_Alumnos-regulares_Prof.-Ricci.pdf\">Lenguaje Visual II &#8211; regular &#8211; Prof. Ricci.<\/a><\/li>\n\n\n\n<li><a href=\"https:\/\/crear-lpa.infd.edu.ar\/sitio\/wp-content\/uploads\/2023\/12\/Pintura_Prof.-Funaro.pdf\">Pintura &#8211; Prof. Mirta Funaro.<\/a><\/li>\n\n\n\n<li><a href=\"https:\/\/crear-lpa.infd.edu.ar\/sitio\/wp-content\/uploads\/2024\/03\/Pintura-II_Prof.-Brenda-Cabral.pdf\">Pintura II \u2013 Prof. Cabral.<\/a><\/li>\n\n\n\n<li><a href=\"https:\/\/crear-lpa.infd.edu.ar\/sitio\/wp-content\/uploads\/2023\/12\/Practica-y-Reflexion-Docente-II-Prof.-Carcamo_Baraybar_Garcia-Irastorza_Funaro.pdf\">Pr\u00e1ctica y Reflexi\u00f3n Docente II &#8211; Prof. C\u00e1rcamo\/Baraybar\/Garc\u00eda\/Irastorza\/Funaro.<\/a><\/li>\n\n\n\n<li><a href=\"https:\/\/crear-lpa.infd.edu.ar\/sitio\/wp-content\/uploads\/2024\/03\/Sociologia-de-la-educacion_Prof.-Laura-Etchart.docx.pdf\">Sociolog\u00eda de la educaci\u00f3n &#8211; Prof. Laura Etchart.<\/a><\/li>\n\n\n\n<li><a href=\"https:\/\/crear-lpa.infd.edu.ar\/sitio\/wp-content\/uploads\/2024\/03\/Sociologia-de-la-educacion_Prof.-Rambur.pdf\">Sociolog\u00eda de la educaci\u00f3n &#8211; Prof. Rambur.<\/a><\/li>\n\n\n\n<li><a href=\"https:\/\/crear-lpa.infd.edu.ar\/sitio\/wp-content\/uploads\/2023\/12\/Sujetos-de-la-Educacion-l_Prof.-Griselda-Conde-Documentos-de-Google.pdf\">Sujetos de la Educaci\u00f3n &#8211; Prof. Griselda Conde.<\/a><\/li>\n<\/ul>\n","protected":false},"excerpt":{"rendered":"","protected":false},"author":32,"featured_media":0,"parent":0,"menu_order":0,"comment_status":"closed","ping_status":"closed","template":"","meta":[],"acf":[],"_links":{"self":[{"href":"https:\/\/crear-lpa.infd.edu.ar\/sitio\/wp-json\/wp\/v2\/pages\/2123"}],"collection":[{"href":"https:\/\/crear-lpa.infd.edu.ar\/sitio\/wp-json\/wp\/v2\/pages"}],"about":[{"href":"https:\/\/crear-lpa.infd.edu.ar\/sitio\/wp-json\/wp\/v2\/types\/page"}],"author":[{"embeddable":true,"href":"https:\/\/crear-lpa.infd.edu.ar\/sitio\/wp-json\/wp\/v2\/users\/32"}],"replies":[{"embeddable":true,"href":"https:\/\/crear-lpa.infd.edu.ar\/sitio\/wp-json\/wp\/v2\/comments?post=2123"}],"version-history":[{"count":7,"href":"https:\/\/crear-lpa.infd.edu.ar\/sitio\/wp-json\/wp\/v2\/pages\/2123\/revisions"}],"predecessor-version":[{"id":2384,"href":"https:\/\/crear-lpa.infd.edu.ar\/sitio\/wp-json\/wp\/v2\/pages\/2123\/revisions\/2384"}],"wp:attachment":[{"href":"https:\/\/crear-lpa.infd.edu.ar\/sitio\/wp-json\/wp\/v2\/media?parent=2123"}],"curies":[{"name":"wp","href":"https:\/\/api.w.org\/{rel}","templated":true}]}}

Programas Artes Visuales – 2023 – 2°Año

<p><a href="https://crear-lpa.infd.edu.ar/#facebook" rel="noreferrer noopener" target="_blank"></a></p>



<ul>
<li><a href="https://crear-lpa.infd.edu.ar/sitio/wp-content/uploads/2024/03/Ceramica-II_Libre_Prof.-Orsi.pdf">Cerámica II &#8211; libre &#8211; Prof. Orsi.</a></li>



<li><a href="https://crear-lpa.infd.edu.ar/sitio/wp-content/uploads/2024/03/Ceramica-II_Alumno-Regular_Orsi.pdf">Cerámica II &#8211; regular &#8211; Prof. Orsi.</a></li>



<li><a href="https://crear-lpa.infd.edu.ar/sitio/wp-content/uploads/2023/12/Dibujo-II-Carcamo-.pdf">Dibujo II &#8211; Prof. Loreley Cárcamo.</a></li>



<li><a href="https://crear-lpa.infd.edu.ar/sitio/wp-content/uploads/2024/03/Didactica-de-las-artes-visuales-I_Prof.-Eyheramonho-y-Funaro..pdf">Didáctica de las artes visuales I &#8211; Prof. Eyheramonho/Funaro.</a></li>



<li><a href="https://crear-lpa.infd.edu.ar/sitio/wp-content/uploads/2023/12/Didactica-General_Prof.-Griselda-Conde.pdf">Didáctica General – Prof. Griselda Conde.</a></li>



<li><a href="https://crear-lpa.infd.edu.ar/sitio/wp-content/uploads/2024/03/Didactica-General_Prof.-Angela-Tapia.pdf">Didáctica General – Prof. Tapia.</a></li>



<li><a href="https://crear-lpa.infd.edu.ar/sitio/wp-content/uploads/2023/12/Escultura_Prof.-Carolina-Monlezun.pdf">Escultura &#8211; Prof. Carolina Monlezun.</a></li>



<li><a href="https://crear-lpa.infd.edu.ar/sitio/wp-content/uploads/2024/03/Escultura_Prof.-Ricci.pdf">Escultura &#8211; Prof. Ricci.</a></li>



<li><a href="https://crear-lpa.infd.edu.ar/sitio/wp-content/uploads/2024/03/Grabado_Prof.-Nestor-Dubie-1.pdf">Grabado &#8211; Prof. Dubié.</a></li>



<li><a href="https://crear-lpa.infd.edu.ar/sitio/wp-content/uploads/2023/12/Historia-de-las-artes-visuales-I_Alumnos-libres_Prof.-Agustina-Ricci.pdf">Historia de las artes visuales I &#8211; libre &#8211; Prof. Agustina Ricci.</a></li>



<li><a href="https://crear-lpa.infd.edu.ar/sitio/wp-content/uploads/2024/03/Historia-de-las-Artes-Visuales-I_Alumnos-regulares_Prof.-Ricci.pdf">Historia de las artes visuales I &#8211; regular &#8211; Prof. Agustina Ricci.</a></li>



<li><a href="https://crear-lpa.infd.edu.ar/sitio/wp-content/uploads/2024/03/Programa-Historia-de-las-Artes-Vis.-I_Prof.-Monica-Furriol.pdf">Historia de las artes visuales I &#8211;  Prof. Mónica Furriol.</a></li>



<li><a href="https://crear-lpa.infd.edu.ar/sitio/wp-content/uploads/2023/12/Historia-Social-Argentina-y-Latinoamericana_Prof.-Olave-y-Bacha.pdf">Historia Social Argentina y Latinoamericana &#8211; Prof. Olave/Bacha.</a></li>



<li><a href="https://crear-lpa.infd.edu.ar/sitio/wp-content/uploads/2023/12/Lenguaje-Visual-II_Prof.Ricci_Fracca.pdf">Lenguaje Visual II &#8211; Prof. Ricci/Fracca.</a></li>



<li><a href="https://crear-lpa.infd.edu.ar/sitio/wp-content/uploads/2024/03/Lenguaje-Visual-II_Alumnos-regulares_Prof.-Ricci.pdf">Lenguaje Visual II &#8211; regular &#8211; Prof. Ricci.</a></li>



<li><a href="https://crear-lpa.infd.edu.ar/sitio/wp-content/uploads/2023/12/Pintura_Prof.-Funaro.pdf">Pintura &#8211; Prof. Mirta Funaro.</a></li>



<li><a href="https://crear-lpa.infd.edu.ar/sitio/wp-content/uploads/2024/03/Pintura-II_Prof.-Brenda-Cabral.pdf">Pintura II – Prof. Cabral.</a></li>



<li><a href="https://crear-lpa.infd.edu.ar/sitio/wp-content/uploads/2023/12/Practica-y-Reflexion-Docente-II-Prof.-Carcamo_Baraybar_Garcia-Irastorza_Funaro.pdf">Práctica y Reflexión Docente II &#8211; Prof. Cárcamo/Baraybar/García/Irastorza/Funaro.</a></li>



<li><a href="https://crear-lpa.infd.edu.ar/sitio/wp-content/uploads/2024/03/Sociologia-de-la-educacion_Prof.-Laura-Etchart.docx.pdf">Sociología de la educación &#8211; Prof. Laura Etchart.</a></li>



<li><a href="https://crear-lpa.infd.edu.ar/sitio/wp-content/uploads/2024/03/Sociologia-de-la-educacion_Prof.-Rambur.pdf">Sociología de la educación &#8211; Prof. Rambur.</a></li>



<li><a href="https://crear-lpa.infd.edu.ar/sitio/wp-content/uploads/2023/12/Sujetos-de-la-Educacion-l_Prof.-Griselda-Conde-Documentos-de-Google.pdf">Sujetos de la Educación &#8211; Prof. Griselda Conde.</a></li>
</ul>
