{"id":2135,"date":"2023-12-14T17:06:38","date_gmt":"2023-12-14T20:06:38","guid":{"rendered":"https:\/\/crear-lpa.infd.edu.ar\/sitio\/?page_id=2135"},"modified":"2024-03-07T19:29:31","modified_gmt":"2024-03-07T22:29:31","slug":"programas-artes-visuales-2023-3anio","status":"publish","type":"page","link":"https:\/\/crear-lpa.infd.edu.ar\/sitio\/programas-artes-visuales-2023-3anio\/","title":{"rendered":"Programas Artes Visuales \u2013 2023 \u2013 3\u00b0A\u00f1o"},"content":{"rendered":"\n<p><a href=\"https:\/\/crear-lpa.infd.edu.ar\/#facebook\" rel=\"noreferrer noopener\" target=\"_blank\"><\/a><\/p>\n\n\n\n<ul>\n<li><a href=\"https:\/\/crear-lpa.infd.edu.ar\/sitio\/wp-content\/uploads\/2023\/12\/Ceramica-y-su-didactica-I_Prof.-Natalia-Orsi.pdf\">Cer\u00e1mica y su did\u00e1ctica I &#8211; Prof. Natalia Orsi.<\/a><\/li>\n\n\n\n<li><a href=\"https:\/\/crear-lpa.infd.edu.ar\/sitio\/wp-content\/uploads\/2024\/03\/Didactica-de-las-Artes-Visuales-II_Prof-Mirta-Funaro.pdf\">Did\u00e1ctica de las Artes Visuales II &#8211; Prof- Mirta Funaro.<\/a><\/li>\n\n\n\n<li><a href=\"https:\/\/crear-lpa.infd.edu.ar\/sitio\/wp-content\/uploads\/2023\/12\/EsculturaysuDidactica-I_Prof.-Funaro_Prof.-Monlezun.pdf\">Escultura y su did\u00e1ctica I &#8211; Prof. Funaro\/Monlezun.<\/a><\/li>\n\n\n\n<li><a href=\"https:\/\/crear-lpa.infd.edu.ar\/sitio\/wp-content\/uploads\/2023\/12\/Escultura-y-su-didactica-I_Alumnlibre_Prof.-Funaro_Prof.-Monlezun.pdf\">Escultura y su did\u00e1ctica I &#8211; Alumno libre &#8211; Prof. Funaro\/Monlezun.<\/a><\/li>\n\n\n\n<li><a href=\"https:\/\/crear-lpa.infd.edu.ar\/sitio\/wp-content\/uploads\/2023\/12\/ESI_Kunz_Tapia_Cordoba.pdf\">ESI &#8211; Prof. Kunz\/Tapia\/C\u00f3rdoba.<\/a><\/li>\n\n\n\n<li><a href=\"https:\/\/crear-lpa.infd.edu.ar\/sitio\/wp-content\/uploads\/2023\/12\/Filosofia-de-la-Educacion_Prof.-Oscar-Gomez.pdf\">Filosof\u00eda de la Educaci\u00f3n &#8211; Prof. Oscar G\u00f3mez.<\/a><\/li>\n\n\n\n<li><a href=\"https:\/\/crear-lpa.infd.edu.ar\/sitio\/wp-content\/uploads\/2023\/12\/Grabado-y-su-didactica-I_Prof.-Dini-Calderon.pdf\">Grabado y su did\u00e1ctica I &#8211; Prof. Dini Calder\u00f3n.<\/a><\/li>\n\n\n\n<li><a href=\"https:\/\/crear-lpa.infd.edu.ar\/sitio\/wp-content\/uploads\/2024\/03\/Grabado-y-su-didactica_Prof.-Nestor-Dubie.pdf\">Grabado y su did\u00e1ctica &#8211; Prof. N\u00e9stor Dubi\u00e9.<\/a><\/li>\n\n\n\n<li><a href=\"https:\/\/crear-lpa.infd.edu.ar\/sitio\/wp-content\/uploads\/2023\/12\/Historia-de-las-artesVisuales-II_Prof.-Carcamo.pdf\">Historia de las artes Visuales II &#8211; Prof. C\u00e1rcamo.<\/a><\/li>\n\n\n\n<li><a href=\"https:\/\/crear-lpa.infd.edu.ar\/sitio\/wp-content\/uploads\/2024\/03\/Historia-y-Politica-de-la-Educ.-argentina_Prof.-Laura-Etchart.pdf\">Historia y Pol\u00edtica de la Educaci\u00f3n argentina &#8211; Prof. Laura Etchart.<\/a><\/li>\n\n\n\n<li><a href=\"https:\/\/crear-lpa.infd.edu.ar\/sitio\/wp-content\/uploads\/2024\/03\/Historia-y-Politica-de-la-Educ-Argentina_Prof.-Silvia-Corniglione.pdf\">Historia y Pol\u00edtica de la Educaci\u00f3n argentina &#8211; Prof. Silvia Corniglione<\/a><\/li>\n\n\n\n<li><a href=\"https:\/\/crear-lpa.infd.edu.ar\/sitio\/wp-content\/uploads\/2023\/12\/Lenguaje-Visual-III_Alumno-libre_Prof.-Ricci_Prof-Orsi.pdf\">Lenguaje Visual III &#8211; libre &#8211; Prof. Ricci\/Orsi.<\/a><\/li>\n\n\n\n<li><a href=\"https:\/\/crear-lpa.infd.edu.ar\/sitio\/wp-content\/uploads\/2024\/03\/Lenguaje-Visual-III_Alumnos-regulares_Prof.-Ricci.pdf\">Lenguaje Visual III &#8211; regulares &#8211; Prof. Ricci.<\/a><\/li>\n\n\n\n<li><a href=\"https:\/\/crear-lpa.infd.edu.ar\/sitio\/wp-content\/uploads\/2024\/03\/Pintura-y-su-didactica-I_Prof.-Brenda-Cabral.pdf\">Pintura y su didactica I &#8211; Prof. Brenda Cabral.<\/a><\/li>\n\n\n\n<li><a href=\"https:\/\/crear-lpa.infd.edu.ar\/sitio\/wp-content\/uploads\/2023\/12\/Practica-y-Reflexion-Docente-lll_Prof.-Conde_Prof.-Furriol.pdf\">Pr\u00e1ctica y Reflexi\u00f3n Docente lll &#8211; Prof. Conde\/Furriol.<\/a><\/li>\n\n\n\n<li><a href=\"https:\/\/crear-lpa.infd.edu.ar\/sitio\/wp-content\/uploads\/2024\/03\/Practica-y-Reflexion-Doc.-III_Prof.-Eyheramonho-Olivares.pdf\">Pr\u00e1ctica y Reflexi\u00f3n Docente III &#8211; Prof. Eyheramonho\/Olivares.<\/a><\/li>\n<\/ul>\n","protected":false},"excerpt":{"rendered":"","protected":false},"author":32,"featured_media":0,"parent":0,"menu_order":0,"comment_status":"closed","ping_status":"closed","template":"","meta":[],"acf":[],"_links":{"self":[{"href":"https:\/\/crear-lpa.infd.edu.ar\/sitio\/wp-json\/wp\/v2\/pages\/2135"}],"collection":[{"href":"https:\/\/crear-lpa.infd.edu.ar\/sitio\/wp-json\/wp\/v2\/pages"}],"about":[{"href":"https:\/\/crear-lpa.infd.edu.ar\/sitio\/wp-json\/wp\/v2\/types\/page"}],"author":[{"embeddable":true,"href":"https:\/\/crear-lpa.infd.edu.ar\/sitio\/wp-json\/wp\/v2\/users\/32"}],"replies":[{"embeddable":true,"href":"https:\/\/crear-lpa.infd.edu.ar\/sitio\/wp-json\/wp\/v2\/comments?post=2135"}],"version-history":[{"count":4,"href":"https:\/\/crear-lpa.infd.edu.ar\/sitio\/wp-json\/wp\/v2\/pages\/2135\/revisions"}],"predecessor-version":[{"id":2387,"href":"https:\/\/crear-lpa.infd.edu.ar\/sitio\/wp-json\/wp\/v2\/pages\/2135\/revisions\/2387"}],"wp:attachment":[{"href":"https:\/\/crear-lpa.infd.edu.ar\/sitio\/wp-json\/wp\/v2\/media?parent=2135"}],"curies":[{"name":"wp","href":"https:\/\/api.w.org\/{rel}","templated":true}]}}

Programas Artes Visuales – 2023 – 3°Año

<p><a href="https://crear-lpa.infd.edu.ar/#facebook" rel="noreferrer noopener" target="_blank"></a></p>



<ul>
<li><a href="https://crear-lpa.infd.edu.ar/sitio/wp-content/uploads/2023/12/Ceramica-y-su-didactica-I_Prof.-Natalia-Orsi.pdf">Cerámica y su didáctica I &#8211; Prof. Natalia Orsi.</a></li>



<li><a href="https://crear-lpa.infd.edu.ar/sitio/wp-content/uploads/2024/03/Didactica-de-las-Artes-Visuales-II_Prof-Mirta-Funaro.pdf">Didáctica de las Artes Visuales II &#8211; Prof- Mirta Funaro.</a></li>



<li><a href="https://crear-lpa.infd.edu.ar/sitio/wp-content/uploads/2023/12/EsculturaysuDidactica-I_Prof.-Funaro_Prof.-Monlezun.pdf">Escultura y su didáctica I &#8211; Prof. Funaro/Monlezun.</a></li>



<li><a href="https://crear-lpa.infd.edu.ar/sitio/wp-content/uploads/2023/12/Escultura-y-su-didactica-I_Alumnlibre_Prof.-Funaro_Prof.-Monlezun.pdf">Escultura y su didáctica I &#8211; Alumno libre &#8211; Prof. Funaro/Monlezun.</a></li>



<li><a href="https://crear-lpa.infd.edu.ar/sitio/wp-content/uploads/2023/12/ESI_Kunz_Tapia_Cordoba.pdf">ESI &#8211; Prof. Kunz/Tapia/Córdoba.</a></li>



<li><a href="https://crear-lpa.infd.edu.ar/sitio/wp-content/uploads/2023/12/Filosofia-de-la-Educacion_Prof.-Oscar-Gomez.pdf">Filosofía de la Educación &#8211; Prof. Oscar Gómez.</a></li>



<li><a href="https://crear-lpa.infd.edu.ar/sitio/wp-content/uploads/2023/12/Grabado-y-su-didactica-I_Prof.-Dini-Calderon.pdf">Grabado y su didáctica I &#8211; Prof. Dini Calderón.</a></li>



<li><a href="https://crear-lpa.infd.edu.ar/sitio/wp-content/uploads/2024/03/Grabado-y-su-didactica_Prof.-Nestor-Dubie.pdf">Grabado y su didáctica &#8211; Prof. Néstor Dubié.</a></li>



<li><a href="https://crear-lpa.infd.edu.ar/sitio/wp-content/uploads/2023/12/Historia-de-las-artesVisuales-II_Prof.-Carcamo.pdf">Historia de las artes Visuales II &#8211; Prof. Cárcamo.</a></li>



<li><a href="https://crear-lpa.infd.edu.ar/sitio/wp-content/uploads/2024/03/Historia-y-Politica-de-la-Educ.-argentina_Prof.-Laura-Etchart.pdf">Historia y Política de la Educación argentina &#8211; Prof. Laura Etchart.</a></li>



<li><a href="https://crear-lpa.infd.edu.ar/sitio/wp-content/uploads/2024/03/Historia-y-Politica-de-la-Educ-Argentina_Prof.-Silvia-Corniglione.pdf">Historia y Política de la Educación argentina &#8211; Prof. Silvia Corniglione</a></li>



<li><a href="https://crear-lpa.infd.edu.ar/sitio/wp-content/uploads/2023/12/Lenguaje-Visual-III_Alumno-libre_Prof.-Ricci_Prof-Orsi.pdf">Lenguaje Visual III &#8211; libre &#8211; Prof. Ricci/Orsi.</a></li>



<li><a href="https://crear-lpa.infd.edu.ar/sitio/wp-content/uploads/2024/03/Lenguaje-Visual-III_Alumnos-regulares_Prof.-Ricci.pdf">Lenguaje Visual III &#8211; regulares &#8211; Prof. Ricci.</a></li>



<li><a href="https://crear-lpa.infd.edu.ar/sitio/wp-content/uploads/2024/03/Pintura-y-su-didactica-I_Prof.-Brenda-Cabral.pdf">Pintura y su didactica I &#8211; Prof. Brenda Cabral.</a></li>



<li><a href="https://crear-lpa.infd.edu.ar/sitio/wp-content/uploads/2023/12/Practica-y-Reflexion-Docente-lll_Prof.-Conde_Prof.-Furriol.pdf">Práctica y Reflexión Docente lll &#8211; Prof. Conde/Furriol.</a></li>



<li><a href="https://crear-lpa.infd.edu.ar/sitio/wp-content/uploads/2024/03/Practica-y-Reflexion-Doc.-III_Prof.-Eyheramonho-Olivares.pdf">Práctica y Reflexión Docente III &#8211; Prof. Eyheramonho/Olivares.</a></li>
</ul>
