{"id":2160,"date":"2023-12-14T19:17:41","date_gmt":"2023-12-14T22:17:41","guid":{"rendered":"https:\/\/crear-lpa.infd.edu.ar\/sitio\/?page_id=2160"},"modified":"2024-03-14T18:36:50","modified_gmt":"2024-03-14T21:36:50","slug":"programas-musica-2023-1anio","status":"publish","type":"page","link":"https:\/\/crear-lpa.infd.edu.ar\/sitio\/programas-musica-2023-1anio\/","title":{"rendered":"Programas M\u00fasica \u2013 2023 \u2013 1\u00b0A\u00f1o"},"content":{"rendered":"\n<p><a href=\"https:\/\/crear-lpa.infd.edu.ar\/#facebook\" rel=\"noreferrer noopener\" target=\"_blank\"><\/a><\/p>\n\n\n\n<ul>\n<li><a href=\"https:\/\/crear-lpa.infd.edu.ar\/sitio\/wp-content\/uploads\/2023\/12\/Alfabetizacion-academica_Luciana-Ferratto.pdf\">Alfabetizaci\u00f3n acad\u00e9mica &#8211; Luciana Ferratto.<\/a><\/li>\n\n\n\n<li><a href=\"https:\/\/crear-lpa.infd.edu.ar\/sitio\/wp-content\/uploads\/2023\/12\/Armonia-aplicada-a-la-Practica-escolar-I_Prof.-Diego-Diaz-1.pdf\">Armon\u00eda aplicada a la Pr\u00e1ctica Escolar I &#8211; Prof. Diego D\u00edaz.<\/a><\/li>\n\n\n\n<li><a href=\"https:\/\/crear-lpa.infd.edu.ar\/sitio\/wp-content\/uploads\/2023\/12\/Formacion-Vocal-I_Fernanda-Ataun.pdf\">Formaci\u00f3n vocal I &#8211; Prof. Fernanda Ata\u00fan.<\/a><\/li>\n\n\n\n<li><a href=\"https:\/\/crear-lpa.infd.edu.ar\/sitio\/wp-content\/uploads\/2024\/03\/FORMACION-VOCAL-I_Prof.-Juan-Pedro-Tamburelli.pdf\">Formaci\u00f3n vocal I &#8211; Prof. Juan Pedro Tamburelli.<\/a><\/li>\n\n\n\n<li><a href=\"https:\/\/crear-lpa.infd.edu.ar\/sitio\/wp-content\/uploads\/2024\/03\/Formacion-vocal-I_Prof.-Sebastian-Houriet.pdf\">Formaci\u00f3n vocal I &#8211; Prof. Sebasti\u00e1n Houriet.<\/a><\/li>\n\n\n\n<li><a href=\"https:\/\/crear-lpa.infd.edu.ar\/sitio\/wp-content\/uploads\/2023\/12\/Guitarra-Complementaria-I_Prof.-Atilio-Abarca.pdf\">Guitarra Complementaria I &#8211; Prof. Atilio Abarca.<\/a><\/li>\n\n\n\n<li><a href=\"https:\/\/crear-lpa.infd.edu.ar\/sitio\/wp-content\/uploads\/2023\/12\/Historia-de-la-Cultura-Argentina-y-Latinoamericana_Sebastian-Scheneider.pdf\">Historia de la Cultura Argentina y Latinoamericana &#8211; Prof. Sebasti\u00e1n Schneider.<\/a><\/li>\n\n\n\n<li><a href=\"https:\/\/crear-lpa.infd.edu.ar\/sitio\/wp-content\/uploads\/2023\/12\/Pedagogia_Prof.-Angela-Tapia-1.pdf\">Pedagog\u00eda &#8211; Prof. Angela Tapia.<\/a><\/li>\n\n\n\n<li><a href=\"https:\/\/crear-lpa.infd.edu.ar\/sitio\/wp-content\/uploads\/2024\/03\/Pedagogia_Prof.-Daniel-Prezzavento.pdf\">Pedagog\u00eda &#8211; Prof. Daniel Prezzavento.<\/a><\/li>\n\n\n\n<li><a href=\"https:\/\/crear-lpa.infd.edu.ar\/sitio\/wp-content\/uploads\/2023\/12\/Piano-I_Dal-Santo.pdf\">Piano I &#8211; Prof. Viviana Dal Santo.<\/a><\/li>\n\n\n\n<li><a href=\"https:\/\/crear-lpa.infd.edu.ar\/sitio\/wp-content\/uploads\/2023\/12\/Practica-y-Reflexion-Docente-I_Prof.-Veronica-Mansilla_Javier-Villalba_Angela-Tapia.pdf\">Pr\u00e1ctica y Reflexi\u00f3n Docente I &#8211;  Prof. Mansilla\/Villalba\/Tapia<\/a><\/li>\n\n\n\n<li><a href=\"https:\/\/crear-lpa.infd.edu.ar\/sitio\/wp-content\/uploads\/2023\/12\/Practica-y-Reflexion-Docente-I_Prof.-Adriana-Mugabure_Javier-Villalba.pdf\">Pr\u00e1ctica y Reflexi\u00f3n Docente I &#8211; Prof. <a href=\"https:\/\/crear-lpa.infd.edu.ar\/sitio\/wp-content\/uploads\/2023\/12\/Practica-y-Reflexion-Docente-I_Prof.-Adriana-Mugabure_Javier-Villalba.pdf\">Mugabure<\/a><\/a>\/<a href=\"https:\/\/crear-lpa.infd.edu.ar\/sitio\/wp-content\/uploads\/2023\/12\/Practica-y-Reflexion-Docente-I_Prof.-Adriana-Mugabure_Javier-Villalba.pdf\">Villalba.<\/a><\/li>\n<\/ul>\n","protected":false},"excerpt":{"rendered":"","protected":false},"author":32,"featured_media":0,"parent":0,"menu_order":0,"comment_status":"closed","ping_status":"closed","template":"","meta":[],"acf":[],"_links":{"self":[{"href":"https:\/\/crear-lpa.infd.edu.ar\/sitio\/wp-json\/wp\/v2\/pages\/2160"}],"collection":[{"href":"https:\/\/crear-lpa.infd.edu.ar\/sitio\/wp-json\/wp\/v2\/pages"}],"about":[{"href":"https:\/\/crear-lpa.infd.edu.ar\/sitio\/wp-json\/wp\/v2\/types\/page"}],"author":[{"embeddable":true,"href":"https:\/\/crear-lpa.infd.edu.ar\/sitio\/wp-json\/wp\/v2\/users\/32"}],"replies":[{"embeddable":true,"href":"https:\/\/crear-lpa.infd.edu.ar\/sitio\/wp-json\/wp\/v2\/comments?post=2160"}],"version-history":[{"count":3,"href":"https:\/\/crear-lpa.infd.edu.ar\/sitio\/wp-json\/wp\/v2\/pages\/2160\/revisions"}],"predecessor-version":[{"id":2415,"href":"https:\/\/crear-lpa.infd.edu.ar\/sitio\/wp-json\/wp\/v2\/pages\/2160\/revisions\/2415"}],"wp:attachment":[{"href":"https:\/\/crear-lpa.infd.edu.ar\/sitio\/wp-json\/wp\/v2\/media?parent=2160"}],"curies":[{"name":"wp","href":"https:\/\/api.w.org\/{rel}","templated":true}]}}

Programas Música – 2023 – 1°Año

<p><a href="https://crear-lpa.infd.edu.ar/#facebook" rel="noreferrer noopener" target="_blank"></a></p>



<ul>
<li><a href="https://crear-lpa.infd.edu.ar/sitio/wp-content/uploads/2023/12/Alfabetizacion-academica_Luciana-Ferratto.pdf">Alfabetización académica &#8211; Luciana Ferratto.</a></li>



<li><a href="https://crear-lpa.infd.edu.ar/sitio/wp-content/uploads/2023/12/Armonia-aplicada-a-la-Practica-escolar-I_Prof.-Diego-Diaz-1.pdf">Armonía aplicada a la Práctica Escolar I &#8211; Prof. Diego Díaz.</a></li>



<li><a href="https://crear-lpa.infd.edu.ar/sitio/wp-content/uploads/2023/12/Formacion-Vocal-I_Fernanda-Ataun.pdf">Formación vocal I &#8211; Prof. Fernanda Ataún.</a></li>



<li><a href="https://crear-lpa.infd.edu.ar/sitio/wp-content/uploads/2024/03/FORMACION-VOCAL-I_Prof.-Juan-Pedro-Tamburelli.pdf">Formación vocal I &#8211; Prof. Juan Pedro Tamburelli.</a></li>



<li><a href="https://crear-lpa.infd.edu.ar/sitio/wp-content/uploads/2024/03/Formacion-vocal-I_Prof.-Sebastian-Houriet.pdf">Formación vocal I &#8211; Prof. Sebastián Houriet.</a></li>



<li><a href="https://crear-lpa.infd.edu.ar/sitio/wp-content/uploads/2023/12/Guitarra-Complementaria-I_Prof.-Atilio-Abarca.pdf">Guitarra Complementaria I &#8211; Prof. Atilio Abarca.</a></li>



<li><a href="https://crear-lpa.infd.edu.ar/sitio/wp-content/uploads/2023/12/Historia-de-la-Cultura-Argentina-y-Latinoamericana_Sebastian-Scheneider.pdf">Historia de la Cultura Argentina y Latinoamericana &#8211; Prof. Sebastián Schneider.</a></li>



<li><a href="https://crear-lpa.infd.edu.ar/sitio/wp-content/uploads/2023/12/Pedagogia_Prof.-Angela-Tapia-1.pdf">Pedagogía &#8211; Prof. Angela Tapia.</a></li>



<li><a href="https://crear-lpa.infd.edu.ar/sitio/wp-content/uploads/2024/03/Pedagogia_Prof.-Daniel-Prezzavento.pdf">Pedagogía &#8211; Prof. Daniel Prezzavento.</a></li>



<li><a href="https://crear-lpa.infd.edu.ar/sitio/wp-content/uploads/2023/12/Piano-I_Dal-Santo.pdf">Piano I &#8211; Prof. Viviana Dal Santo.</a></li>



<li><a href="https://crear-lpa.infd.edu.ar/sitio/wp-content/uploads/2023/12/Practica-y-Reflexion-Docente-I_Prof.-Veronica-Mansilla_Javier-Villalba_Angela-Tapia.pdf">Práctica y Reflexión Docente I &#8211;  Prof. Mansilla/Villalba/Tapia</a></li>



<li><a href="https://crear-lpa.infd.edu.ar/sitio/wp-content/uploads/2023/12/Practica-y-Reflexion-Docente-I_Prof.-Adriana-Mugabure_Javier-Villalba.pdf">Práctica y Reflexión Docente I &#8211; Prof. <a href="https://crear-lpa.infd.edu.ar/sitio/wp-content/uploads/2023/12/Practica-y-Reflexion-Docente-I_Prof.-Adriana-Mugabure_Javier-Villalba.pdf">Mugabure</a></a>/<a href="https://crear-lpa.infd.edu.ar/sitio/wp-content/uploads/2023/12/Practica-y-Reflexion-Docente-I_Prof.-Adriana-Mugabure_Javier-Villalba.pdf">Villalba.</a></li>
</ul>
