{"id":2165,"date":"2023-12-14T19:26:43","date_gmt":"2023-12-14T22:26:43","guid":{"rendered":"https:\/\/crear-lpa.infd.edu.ar\/sitio\/?page_id=2165"},"modified":"2024-03-14T19:19:50","modified_gmt":"2024-03-14T22:19:50","slug":"programas-musica-2023-2anio","status":"publish","type":"page","link":"https:\/\/crear-lpa.infd.edu.ar\/sitio\/programas-musica-2023-2anio\/","title":{"rendered":"Programas M\u00fasica \u2013 2023 \u2013 2\u00b0A\u00f1o"},"content":{"rendered":"\n<p><a href=\"https:\/\/crear-lpa.infd.edu.ar\/#facebook\" rel=\"noreferrer noopener\" target=\"_blank\"><\/a><\/p>\n\n\n\n<ul>\n<li><a href=\"https:\/\/crear-lpa.infd.edu.ar\/sitio\/wp-content\/uploads\/2024\/03\/Armonia-aplicada-a-la-Practi.-escolar-II_Prof.-Diaz-Diego.pdf\">Armon\u00eda aplicada a la Pr\u00e1ctica Escolar II \u2013 Prof Diego D\u00edaz.<\/a><\/li>\n\n\n\n<li><a href=\"https:\/\/crear-lpa.infd.edu.ar\/sitio\/wp-content\/uploads\/2024\/03\/Didactica-de-la-Musica-I_Prof.-Veronica-Mansilla.pdf\">Did\u00e1ctica de la M\u00fasica I &#8211; Prof. Ver\u00f3nica Mansilla.<\/a><\/li>\n\n\n\n<li><a href=\"https:\/\/crear-lpa.infd.edu.ar\/sitio\/wp-content\/uploads\/2024\/03\/ESI_Prof.-Astrid-Tamagnone_Ivana-Alvarez.pdf\">ESI &#8211; Prof. Tamagnone\/Alvarez.<\/a><\/li>\n\n\n\n<li><a href=\"https:\/\/crear-lpa.infd.edu.ar\/sitio\/wp-content\/uploads\/2023\/12\/Guitarra-compl.-II_Prof.-Atilio-Abarca.pdf\">Guitarra Complementaria II \u2013 Prof. Atilio Abarca.<\/a><\/li>\n\n\n\n<li><a href=\"https:\/\/crear-lpa.infd.edu.ar\/sitio\/wp-content\/uploads\/2023\/12\/Guitarra-II_Prof.-Atilio-Abarca.pdf\">Guitarra II \u2013 Prof. Atilio Abarca.<\/a><\/li>\n\n\n\n<li><a href=\"https:\/\/crear-lpa.infd.edu.ar\/sitio\/wp-content\/uploads\/2024\/03\/Lenguaje-musical-II-Prof.-Acosta-Mariana.pdf\">Lenguaje musical II &#8211; Prof. Acosta.<\/a><\/li>\n\n\n\n<li><a href=\"https:\/\/crear-lpa.infd.edu.ar\/sitio\/wp-content\/uploads\/2024\/03\/Piano-II_Prof.-Viviana-Dal-Santo.pdf\">Piano II &#8211; Prof. Dal Santo.<\/a><\/li>\n\n\n\n<li><a href=\"https:\/\/crear-lpa.infd.edu.ar\/sitio\/wp-content\/uploads\/2023\/12\/Piano-II_Prof.-Alberto-Gatica.pdf\">Piano II &#8211; Prof. Alberto Gatica.<\/a><\/li>\n\n\n\n<li><a href=\"https:\/\/crear-lpa.infd.edu.ar\/sitio\/wp-content\/uploads\/2024\/03\/Piano-Comp-II_Prof.-Acosta-Juarez-Mariana.pdf\">Piano Complementario II &#8211; Prof. Acosta Juar\u00e9z.<\/a><\/li>\n\n\n\n<li><a href=\"https:\/\/crear-lpa.infd.edu.ar\/sitio\/wp-content\/uploads\/2024\/03\/Piano-compl.-II-Dal-Santo.pdf\">Piano complementario II &#8211; Prof. Viviana Dal Santo.<\/a><\/li>\n\n\n\n<li><a href=\"https:\/\/crear-lpa.infd.edu.ar\/sitio\/wp-content\/uploads\/2024\/03\/Practica-y-Reflexion-Docente-II_Prof.-Laura-Re-y-Adriana-Mugabure.docx.pdf\">Pr\u00e1ctica y Reflexi\u00f3n Docente II &#8211; Prof. Re\/Mugabure.<\/a><\/li>\n\n\n\n<li><a href=\"https:\/\/crear-lpa.infd.edu.ar\/sitio\/wp-content\/uploads\/2023\/12\/Sociologia-de-la-educ_Prof.-Pablo-Garcia-Irastorza.pdf\">Sociolog\u00eda de la educaci\u00f3n- Prof. Pablo Garc\u00eda.<\/a><\/li>\n\n\n\n<li><a href=\"https:\/\/crear-lpa.infd.edu.ar\/sitio\/wp-content\/uploads\/2024\/03\/Sujeto-de-la-educacion-I_Prof.-Adriana-Olivares.pdf\">Sujeto de la educaci\u00f3n I \u2013 Prof. Olivares.<\/a><\/li>\n<\/ul>\n","protected":false},"excerpt":{"rendered":"","protected":false},"author":32,"featured_media":0,"parent":0,"menu_order":0,"comment_status":"closed","ping_status":"closed","template":"","meta":[],"acf":[],"_links":{"self":[{"href":"https:\/\/crear-lpa.infd.edu.ar\/sitio\/wp-json\/wp\/v2\/pages\/2165"}],"collection":[{"href":"https:\/\/crear-lpa.infd.edu.ar\/sitio\/wp-json\/wp\/v2\/pages"}],"about":[{"href":"https:\/\/crear-lpa.infd.edu.ar\/sitio\/wp-json\/wp\/v2\/types\/page"}],"author":[{"embeddable":true,"href":"https:\/\/crear-lpa.infd.edu.ar\/sitio\/wp-json\/wp\/v2\/users\/32"}],"replies":[{"embeddable":true,"href":"https:\/\/crear-lpa.infd.edu.ar\/sitio\/wp-json\/wp\/v2\/comments?post=2165"}],"version-history":[{"count":2,"href":"https:\/\/crear-lpa.infd.edu.ar\/sitio\/wp-json\/wp\/v2\/pages\/2165\/revisions"}],"predecessor-version":[{"id":2417,"href":"https:\/\/crear-lpa.infd.edu.ar\/sitio\/wp-json\/wp\/v2\/pages\/2165\/revisions\/2417"}],"wp:attachment":[{"href":"https:\/\/crear-lpa.infd.edu.ar\/sitio\/wp-json\/wp\/v2\/media?parent=2165"}],"curies":[{"name":"wp","href":"https:\/\/api.w.org\/{rel}","templated":true}]}}

Programas Música – 2023 – 2°Año

<p><a href="https://crear-lpa.infd.edu.ar/#facebook" rel="noreferrer noopener" target="_blank"></a></p>



<ul>
<li><a href="https://crear-lpa.infd.edu.ar/sitio/wp-content/uploads/2024/03/Armonia-aplicada-a-la-Practi.-escolar-II_Prof.-Diaz-Diego.pdf">Armonía aplicada a la Práctica Escolar II – Prof Diego Díaz.</a></li>



<li><a href="https://crear-lpa.infd.edu.ar/sitio/wp-content/uploads/2024/03/Didactica-de-la-Musica-I_Prof.-Veronica-Mansilla.pdf">Didáctica de la Música I &#8211; Prof. Verónica Mansilla.</a></li>



<li><a href="https://crear-lpa.infd.edu.ar/sitio/wp-content/uploads/2024/03/ESI_Prof.-Astrid-Tamagnone_Ivana-Alvarez.pdf">ESI &#8211; Prof. Tamagnone/Alvarez.</a></li>



<li><a href="https://crear-lpa.infd.edu.ar/sitio/wp-content/uploads/2023/12/Guitarra-compl.-II_Prof.-Atilio-Abarca.pdf">Guitarra Complementaria II – Prof. Atilio Abarca.</a></li>



<li><a href="https://crear-lpa.infd.edu.ar/sitio/wp-content/uploads/2023/12/Guitarra-II_Prof.-Atilio-Abarca.pdf">Guitarra II – Prof. Atilio Abarca.</a></li>



<li><a href="https://crear-lpa.infd.edu.ar/sitio/wp-content/uploads/2024/03/Lenguaje-musical-II-Prof.-Acosta-Mariana.pdf">Lenguaje musical II &#8211; Prof. Acosta.</a></li>



<li><a href="https://crear-lpa.infd.edu.ar/sitio/wp-content/uploads/2024/03/Piano-II_Prof.-Viviana-Dal-Santo.pdf">Piano II &#8211; Prof. Dal Santo.</a></li>



<li><a href="https://crear-lpa.infd.edu.ar/sitio/wp-content/uploads/2023/12/Piano-II_Prof.-Alberto-Gatica.pdf">Piano II &#8211; Prof. Alberto Gatica.</a></li>



<li><a href="https://crear-lpa.infd.edu.ar/sitio/wp-content/uploads/2024/03/Piano-Comp-II_Prof.-Acosta-Juarez-Mariana.pdf">Piano Complementario II &#8211; Prof. Acosta Juaréz.</a></li>



<li><a href="https://crear-lpa.infd.edu.ar/sitio/wp-content/uploads/2024/03/Piano-compl.-II-Dal-Santo.pdf">Piano complementario II &#8211; Prof. Viviana Dal Santo.</a></li>



<li><a href="https://crear-lpa.infd.edu.ar/sitio/wp-content/uploads/2024/03/Practica-y-Reflexion-Docente-II_Prof.-Laura-Re-y-Adriana-Mugabure.docx.pdf">Práctica y Reflexión Docente II &#8211; Prof. Re/Mugabure.</a></li>



<li><a href="https://crear-lpa.infd.edu.ar/sitio/wp-content/uploads/2023/12/Sociologia-de-la-educ_Prof.-Pablo-Garcia-Irastorza.pdf">Sociología de la educación- Prof. Pablo García.</a></li>



<li><a href="https://crear-lpa.infd.edu.ar/sitio/wp-content/uploads/2024/03/Sujeto-de-la-educacion-I_Prof.-Adriana-Olivares.pdf">Sujeto de la educación I – Prof. Olivares.</a></li>
</ul>
