{"id":2174,"date":"2023-12-14T19:33:29","date_gmt":"2023-12-14T22:33:29","guid":{"rendered":"https:\/\/crear-lpa.infd.edu.ar\/sitio\/?page_id=2174"},"modified":"2024-03-14T19:33:35","modified_gmt":"2024-03-14T22:33:35","slug":"programas-musica-2023-3anio","status":"publish","type":"page","link":"https:\/\/crear-lpa.infd.edu.ar\/sitio\/programas-musica-2023-3anio\/","title":{"rendered":"Programas M\u00fasica \u2013 2023 \u2013 3\u00b0A\u00f1o"},"content":{"rendered":"\n<p><a href=\"https:\/\/crear-lpa.infd.edu.ar\/#facebook\" rel=\"noreferrer noopener\" target=\"_blank\"><\/a><\/p>\n\n\n\n<ul>\n<li><a href=\"https:\/\/crear-lpa.infd.edu.ar\/sitio\/wp-content\/uploads\/2024\/03\/DIDACTICA-DE-LA-MUSICA-II_Prof.-Fernanda-Ataun.docx.pdf\">Did\u00e1ctica de la M\u00fasica II \u2013 Prof. Ata\u00fan.<\/a><\/li>\n\n\n\n<li><a href=\"https:\/\/crear-lpa.infd.edu.ar\/sitio\/wp-content\/uploads\/2023\/12\/Filosofia-de-la-Educacion_Prof.-Oscar-Gomez-1.pdf\">Filosof\u00eda de la Educaci\u00f3n &#8211; Prof. Oscar G\u00f3mez.<\/a><\/li>\n\n\n\n<li><a href=\"https:\/\/crear-lpa.infd.edu.ar\/sitio\/wp-content\/uploads\/2023\/12\/Guitarra-III_Prof.-Atilio-Abarca.pdf\">Guitarra III &#8211; Prof. Atilio Abarca.<\/a><\/li>\n\n\n\n<li><a href=\"https:\/\/crear-lpa.infd.edu.ar\/sitio\/wp-content\/uploads\/2023\/12\/Guitarra-III_Cristian-Mitzig.pdf\">Guitarra III &#8211; Prof. Cristian Mitzig.<\/a><\/li>\n\n\n\n<li><a href=\"https:\/\/crear-lpa.infd.edu.ar\/sitio\/wp-content\/uploads\/2024\/03\/LAS-TICS-Y-LA-MUSICA_Prof.-Javier-Villalba.docx.pdf\">Las TICS y la m\u00fasica &#8211; Prof. Villalba.<\/a><\/li>\n\n\n\n<li><a href=\"https:\/\/crear-lpa.infd.edu.ar\/sitio\/wp-content\/uploads\/2023\/12\/Lenguaje-Musical-III-Acosta-Juarez.pdf\">Lenguaje Musical III &#8211; Prof. Acosta Ju\u00e1rez.<\/a><\/li>\n\n\n\n<li><a href=\"https:\/\/crear-lpa.infd.edu.ar\/sitio\/wp-content\/uploads\/2023\/12\/Piano-III_Dal-Santo.pdf\">Piano III &#8211; Prof. Viviana Dal Santo.<\/a><\/li>\n\n\n\n<li><a href=\"https:\/\/crear-lpa.infd.edu.ar\/sitio\/wp-content\/uploads\/2024\/03\/Practica-y-Reflexion-Docente-III_Prof.-Mugabure_Schiavi-Machado-Lusuardi.docx.pdf\">Pr\u00e1ctica y Reflexi\u00f3n Docente III &#8211; Prof. Mugabure\/Schiavi\/Machado\/Lusuardi.<\/a><\/li>\n\n\n\n<li><a href=\"https:\/\/crear-lpa.infd.edu.ar\/sitio\/wp-content\/uploads\/2024\/03\/Sujeto-de-la-educacion-II_Prof.-Adriana-Mugabure.docx.pdf\">Sujeto de la educaci\u00f3n II \u2013 Prof. Mugabure.<\/a><\/li>\n\n\n\n<li><a href=\"https:\/\/crear-lpa.infd.edu.ar\/sitio\/wp-content\/uploads\/2023\/12\/Taller-de-Produccion-I_Dal-Santo-1.pdf\">Taller de Producci\u00f3n I &#8211; Programa &#8211; Viviana Dal Santo.<\/a><\/li>\n<\/ul>\n","protected":false},"excerpt":{"rendered":"","protected":false},"author":32,"featured_media":0,"parent":0,"menu_order":0,"comment_status":"closed","ping_status":"closed","template":"","meta":[],"acf":[],"_links":{"self":[{"href":"https:\/\/crear-lpa.infd.edu.ar\/sitio\/wp-json\/wp\/v2\/pages\/2174"}],"collection":[{"href":"https:\/\/crear-lpa.infd.edu.ar\/sitio\/wp-json\/wp\/v2\/pages"}],"about":[{"href":"https:\/\/crear-lpa.infd.edu.ar\/sitio\/wp-json\/wp\/v2\/types\/page"}],"author":[{"embeddable":true,"href":"https:\/\/crear-lpa.infd.edu.ar\/sitio\/wp-json\/wp\/v2\/users\/32"}],"replies":[{"embeddable":true,"href":"https:\/\/crear-lpa.infd.edu.ar\/sitio\/wp-json\/wp\/v2\/comments?post=2174"}],"version-history":[{"count":3,"href":"https:\/\/crear-lpa.infd.edu.ar\/sitio\/wp-json\/wp\/v2\/pages\/2174\/revisions"}],"predecessor-version":[{"id":2419,"href":"https:\/\/crear-lpa.infd.edu.ar\/sitio\/wp-json\/wp\/v2\/pages\/2174\/revisions\/2419"}],"wp:attachment":[{"href":"https:\/\/crear-lpa.infd.edu.ar\/sitio\/wp-json\/wp\/v2\/media?parent=2174"}],"curies":[{"name":"wp","href":"https:\/\/api.w.org\/{rel}","templated":true}]}}

Programas Música – 2023 – 3°Año

<p><a href="https://crear-lpa.infd.edu.ar/#facebook" rel="noreferrer noopener" target="_blank"></a></p>



<ul>
<li><a href="https://crear-lpa.infd.edu.ar/sitio/wp-content/uploads/2024/03/DIDACTICA-DE-LA-MUSICA-II_Prof.-Fernanda-Ataun.docx.pdf">Didáctica de la Música II – Prof. Ataún.</a></li>



<li><a href="https://crear-lpa.infd.edu.ar/sitio/wp-content/uploads/2023/12/Filosofia-de-la-Educacion_Prof.-Oscar-Gomez-1.pdf">Filosofía de la Educación &#8211; Prof. Oscar Gómez.</a></li>



<li><a href="https://crear-lpa.infd.edu.ar/sitio/wp-content/uploads/2023/12/Guitarra-III_Prof.-Atilio-Abarca.pdf">Guitarra III &#8211; Prof. Atilio Abarca.</a></li>



<li><a href="https://crear-lpa.infd.edu.ar/sitio/wp-content/uploads/2023/12/Guitarra-III_Cristian-Mitzig.pdf">Guitarra III &#8211; Prof. Cristian Mitzig.</a></li>



<li><a href="https://crear-lpa.infd.edu.ar/sitio/wp-content/uploads/2024/03/LAS-TICS-Y-LA-MUSICA_Prof.-Javier-Villalba.docx.pdf">Las TICS y la música &#8211; Prof. Villalba.</a></li>



<li><a href="https://crear-lpa.infd.edu.ar/sitio/wp-content/uploads/2023/12/Lenguaje-Musical-III-Acosta-Juarez.pdf">Lenguaje Musical III &#8211; Prof. Acosta Juárez.</a></li>



<li><a href="https://crear-lpa.infd.edu.ar/sitio/wp-content/uploads/2023/12/Piano-III_Dal-Santo.pdf">Piano III &#8211; Prof. Viviana Dal Santo.</a></li>



<li><a href="https://crear-lpa.infd.edu.ar/sitio/wp-content/uploads/2024/03/Practica-y-Reflexion-Docente-III_Prof.-Mugabure_Schiavi-Machado-Lusuardi.docx.pdf">Práctica y Reflexión Docente III &#8211; Prof. Mugabure/Schiavi/Machado/Lusuardi.</a></li>



<li><a href="https://crear-lpa.infd.edu.ar/sitio/wp-content/uploads/2024/03/Sujeto-de-la-educacion-II_Prof.-Adriana-Mugabure.docx.pdf">Sujeto de la educación II – Prof. Mugabure.</a></li>



<li><a href="https://crear-lpa.infd.edu.ar/sitio/wp-content/uploads/2023/12/Taller-de-Produccion-I_Dal-Santo-1.pdf">Taller de Producción I &#8211; Programa &#8211; Viviana Dal Santo.</a></li>
</ul>
