{"id":2193,"date":"2023-12-14T19:43:26","date_gmt":"2023-12-14T22:43:26","guid":{"rendered":"https:\/\/crear-lpa.infd.edu.ar\/sitio\/?page_id=2193"},"modified":"2024-03-14T19:42:38","modified_gmt":"2024-03-14T22:42:38","slug":"programas-musica-2023-4anio","status":"publish","type":"page","link":"https:\/\/crear-lpa.infd.edu.ar\/sitio\/programas-musica-2023-4anio\/","title":{"rendered":"Programas M\u00fasica \u2013 2023 \u2013 4\u00b0A\u00f1o"},"content":{"rendered":"\n<ul>\n<li><a href=\"https:\/\/crear-lpa.infd.edu.ar\/sitio\/wp-content\/uploads\/2024\/03\/El-arte-en-la-educacion-especial_Prof.-Silvana-Valinotti.docx.pdf\">El arte en la educaci\u00f3n especial \u2013 Prof. Valinotti.<\/a><\/li>\n\n\n\n<li><a href=\"https:\/\/crear-lpa.infd.edu.ar\/sitio\/wp-content\/uploads\/2023\/12\/Estetica_Prof.-Oscar-Gomez.pdf\">Est\u00e9tica &#8211; Prof. Oscar G\u00f3mez.<\/a><\/li>\n\n\n\n<li><a href=\"https:\/\/crear-lpa.infd.edu.ar\/sitio\/wp-content\/uploads\/2023\/12\/Formacion-Etica_Prof.-Oscar-Gomez.pdf\">Formaci\u00f3n \u00c9tica &#8211; Prof. Oscar G\u00f3mez.<\/a><\/li>\n\n\n\n<li><a href=\"https:\/\/crear-lpa.infd.edu.ar\/sitio\/wp-content\/uploads\/2024\/03\/Guitarra-Fundamental-IV_Prof.-Atilio-Abarca.pdf\">Guitarra IV \u2013 Prof. Abarca.<\/a><\/li>\n\n\n\n<li><a href=\"https:\/\/crear-lpa.infd.edu.ar\/sitio\/wp-content\/uploads\/2023\/12\/Historia-y-Politica_Prof.-Adriana-Arguello.pdf\">Historia y Pol\u00edtica &#8211; Prof. Adriana Arg\u00fcello.<\/a><\/li>\n\n\n\n<li><a href=\"https:\/\/crear-lpa.infd.edu.ar\/sitio\/wp-content\/uploads\/2024\/03\/Lenguaje-Musical-IV_Prof.-Sebastian-Houriet.pdf\">Lenguaje Musical IV \u2013 Prof. Houriet.<\/a><\/li>\n\n\n\n<li><a href=\"https:\/\/crear-lpa.infd.edu.ar\/sitio\/wp-content\/uploads\/2023\/12\/Piano-IV_Prof.-Viviana-Dal-Santo.pdf\">Piano IV &#8211; Prof. Viviana Dal Santo.<\/a><\/li>\n\n\n\n<li><a href=\"https:\/\/crear-lpa.infd.edu.ar\/sitio\/wp-content\/uploads\/2023\/12\/Practica-de-direccion-coral-2023-Acosta-Juarez.pdf\">Pr\u00e1ctica de direcci\u00f3n coral &#8211; Prof. Acosta Ju\u00e1rez.<\/a><\/li>\n\n\n\n<li><a href=\"https:\/\/crear-lpa.infd.edu.ar\/sitio\/wp-content\/uploads\/2023\/12\/Residencia-Pedagogica_Prof.-Veronica-Mansilla_Laura-Fontana_Pablo-Garcia-I.pdf\">Residencia Pedag\u00f3gica &#8211; Prof. Mansilla\/Fontana\/Garc\u00eda.<\/a><\/li>\n<\/ul>\n\n\n\n<p><a rel=\"noreferrer noopener\" href=\"https:\/\/crear-lpa.infd.edu.ar\/#facebook\" target=\"_blank\"><\/a><\/p>\n","protected":false},"excerpt":{"rendered":"","protected":false},"author":32,"featured_media":0,"parent":0,"menu_order":0,"comment_status":"closed","ping_status":"closed","template":"","meta":[],"acf":[],"_links":{"self":[{"href":"https:\/\/crear-lpa.infd.edu.ar\/sitio\/wp-json\/wp\/v2\/pages\/2193"}],"collection":[{"href":"https:\/\/crear-lpa.infd.edu.ar\/sitio\/wp-json\/wp\/v2\/pages"}],"about":[{"href":"https:\/\/crear-lpa.infd.edu.ar\/sitio\/wp-json\/wp\/v2\/types\/page"}],"author":[{"embeddable":true,"href":"https:\/\/crear-lpa.infd.edu.ar\/sitio\/wp-json\/wp\/v2\/users\/32"}],"replies":[{"embeddable":true,"href":"https:\/\/crear-lpa.infd.edu.ar\/sitio\/wp-json\/wp\/v2\/comments?post=2193"}],"version-history":[{"count":4,"href":"https:\/\/crear-lpa.infd.edu.ar\/sitio\/wp-json\/wp\/v2\/pages\/2193\/revisions"}],"predecessor-version":[{"id":2423,"href":"https:\/\/crear-lpa.infd.edu.ar\/sitio\/wp-json\/wp\/v2\/pages\/2193\/revisions\/2423"}],"wp:attachment":[{"href":"https:\/\/crear-lpa.infd.edu.ar\/sitio\/wp-json\/wp\/v2\/media?parent=2193"}],"curies":[{"name":"wp","href":"https:\/\/api.w.org\/{rel}","templated":true}]}}

Programas Música – 2023 – 4°Año

<ul>
<li><a href="https://crear-lpa.infd.edu.ar/sitio/wp-content/uploads/2024/03/El-arte-en-la-educacion-especial_Prof.-Silvana-Valinotti.docx.pdf">El arte en la educación especial – Prof. Valinotti.</a></li>



<li><a href="https://crear-lpa.infd.edu.ar/sitio/wp-content/uploads/2023/12/Estetica_Prof.-Oscar-Gomez.pdf">Estética &#8211; Prof. Oscar Gómez.</a></li>



<li><a href="https://crear-lpa.infd.edu.ar/sitio/wp-content/uploads/2023/12/Formacion-Etica_Prof.-Oscar-Gomez.pdf">Formación Ética &#8211; Prof. Oscar Gómez.</a></li>



<li><a href="https://crear-lpa.infd.edu.ar/sitio/wp-content/uploads/2024/03/Guitarra-Fundamental-IV_Prof.-Atilio-Abarca.pdf">Guitarra IV – Prof. Abarca.</a></li>



<li><a href="https://crear-lpa.infd.edu.ar/sitio/wp-content/uploads/2023/12/Historia-y-Politica_Prof.-Adriana-Arguello.pdf">Historia y Política &#8211; Prof. Adriana Argüello.</a></li>



<li><a href="https://crear-lpa.infd.edu.ar/sitio/wp-content/uploads/2024/03/Lenguaje-Musical-IV_Prof.-Sebastian-Houriet.pdf">Lenguaje Musical IV – Prof. Houriet.</a></li>



<li><a href="https://crear-lpa.infd.edu.ar/sitio/wp-content/uploads/2023/12/Piano-IV_Prof.-Viviana-Dal-Santo.pdf">Piano IV &#8211; Prof. Viviana Dal Santo.</a></li>



<li><a href="https://crear-lpa.infd.edu.ar/sitio/wp-content/uploads/2023/12/Practica-de-direccion-coral-2023-Acosta-Juarez.pdf">Práctica de dirección coral &#8211; Prof. Acosta Juárez.</a></li>



<li><a href="https://crear-lpa.infd.edu.ar/sitio/wp-content/uploads/2023/12/Residencia-Pedagogica_Prof.-Veronica-Mansilla_Laura-Fontana_Pablo-Garcia-I.pdf">Residencia Pedagógica &#8211; Prof. Mansilla/Fontana/García.</a></li>
</ul>



<p><a rel="noreferrer noopener" href="https://crear-lpa.infd.edu.ar/#facebook" target="_blank"></a></p>
