{"id":2234,"date":"2023-12-19T19:15:52","date_gmt":"2023-12-19T22:15:52","guid":{"rendered":"https:\/\/crear-lpa.infd.edu.ar\/sitio\/?page_id=2234"},"modified":"2023-12-21T17:11:39","modified_gmt":"2023-12-21T20:11:39","slug":"programas-danza-2023-4anio","status":"publish","type":"page","link":"https:\/\/crear-lpa.infd.edu.ar\/sitio\/programas-danza-2023-4anio\/","title":{"rendered":"Programas Danza \u2013 2023 \u2013 4\u00b0A\u00f1o"},"content":{"rendered":"\n<p><a href=\"https:\/\/crear-lpa.infd.edu.ar\/#facebook\" rel=\"noreferrer noopener\" target=\"_blank\"><\/a><\/p>\n\n\n\n<ul>\n<li><a href=\"https:\/\/crear-lpa.infd.edu.ar\/sitio\/wp-content\/uploads\/2023\/12\/Danza-Contemporanea_Prof.-Inchausandague_Prof.-Gatica.pdf\">Danza Contempor\u00e1nea &#8211; Prof. Inchausandague\/Gatica.<\/a><\/li>\n\n\n\n<li><a href=\"https:\/\/crear-lpa.infd.edu.ar\/sitio\/wp-content\/uploads\/2023\/12\/El-arte-en-la-educacion-especial_Prof.-Silvina-Hollman.pdf\">El arte en la educaci\u00f3n especial &#8211; Prof. Silvina Hollman.<\/a><\/li>\n\n\n\n<li><a href=\"https:\/\/crear-lpa.infd.edu.ar\/sitio\/wp-content\/uploads\/2023\/12\/Estetica_Prof.-Simon-Bedotti.pdf\">Est\u00e9tica &#8211; Prof. Sim\u00f3n Bedotti.<\/a><\/li>\n\n\n\n<li><a href=\"https:\/\/crear-lpa.infd.edu.ar\/sitio\/wp-content\/uploads\/2023\/12\/Formacion-Etica_Prof.-Conde.pdf\">Formaci\u00f3n \u00c9tica &#8211; Prof. Conde.<\/a><\/li>\n\n\n\n<li><a href=\"https:\/\/crear-lpa.infd.edu.ar\/sitio\/wp-content\/uploads\/2023\/12\/Investigacion-y-Educacion-Artistica_Prof.-Facundo-Arteaga.pdf\">Investigaci\u00f3n y Educaci\u00f3n Art\u00edstica &#8211; Prof. Facundo Arteaga.<\/a><\/li>\n\n\n\n<li><a href=\"https:\/\/crear-lpa.infd.edu.ar\/sitio\/wp-content\/uploads\/2023\/12\/Practica-y-Reflex-Doc-lV_Prof.-Conde-_Andrada.pdf\">Pr\u00e1ctica y Reflexi\u00f3n Docente lV &#8211; Prof. Conde\/Andrada.<\/a><\/li>\n\n\n\n<li><a href=\"https:\/\/crear-lpa.infd.edu.ar\/sitio\/wp-content\/uploads\/2023\/12\/Produccion-coreografica-y-puesta-en-escena_Prof.-Ruggieri_Villalba.pdf\">Producci\u00f3n coreogr\u00e1fica y puesta en escena &#8211; Prof. Ruggieri\/Villalba.<\/a><\/li>\n\n\n\n<li><a href=\"https:\/\/crear-lpa.infd.edu.ar\/sitio\/wp-content\/uploads\/2023\/12\/Tecnica-de-la-Danza-Folklorica-IV_Prof.-Villalba_Ruggieri.pdf\">T\u00e9cnica de la Danza Folkl\u00f3rica IV &#8211; Prof. Villalba\/Ruggieri.<\/a><\/li>\n<\/ul>\n","protected":false},"excerpt":{"rendered":"","protected":false},"author":32,"featured_media":0,"parent":0,"menu_order":0,"comment_status":"closed","ping_status":"closed","template":"","meta":[],"acf":[],"_links":{"self":[{"href":"https:\/\/crear-lpa.infd.edu.ar\/sitio\/wp-json\/wp\/v2\/pages\/2234"}],"collection":[{"href":"https:\/\/crear-lpa.infd.edu.ar\/sitio\/wp-json\/wp\/v2\/pages"}],"about":[{"href":"https:\/\/crear-lpa.infd.edu.ar\/sitio\/wp-json\/wp\/v2\/types\/page"}],"author":[{"embeddable":true,"href":"https:\/\/crear-lpa.infd.edu.ar\/sitio\/wp-json\/wp\/v2\/users\/32"}],"replies":[{"embeddable":true,"href":"https:\/\/crear-lpa.infd.edu.ar\/sitio\/wp-json\/wp\/v2\/comments?post=2234"}],"version-history":[{"count":2,"href":"https:\/\/crear-lpa.infd.edu.ar\/sitio\/wp-json\/wp\/v2\/pages\/2234\/revisions"}],"predecessor-version":[{"id":2261,"href":"https:\/\/crear-lpa.infd.edu.ar\/sitio\/wp-json\/wp\/v2\/pages\/2234\/revisions\/2261"}],"wp:attachment":[{"href":"https:\/\/crear-lpa.infd.edu.ar\/sitio\/wp-json\/wp\/v2\/media?parent=2234"}],"curies":[{"name":"wp","href":"https:\/\/api.w.org\/{rel}","templated":true}]}}

Programas Danza – 2023 – 4°Año

<p><a href="https://crear-lpa.infd.edu.ar/#facebook" rel="noreferrer noopener" target="_blank"></a></p>



<ul>
<li><a href="https://crear-lpa.infd.edu.ar/sitio/wp-content/uploads/2023/12/Danza-Contemporanea_Prof.-Inchausandague_Prof.-Gatica.pdf">Danza Contemporánea &#8211; Prof. Inchausandague/Gatica.</a></li>



<li><a href="https://crear-lpa.infd.edu.ar/sitio/wp-content/uploads/2023/12/El-arte-en-la-educacion-especial_Prof.-Silvina-Hollman.pdf">El arte en la educación especial &#8211; Prof. Silvina Hollman.</a></li>



<li><a href="https://crear-lpa.infd.edu.ar/sitio/wp-content/uploads/2023/12/Estetica_Prof.-Simon-Bedotti.pdf">Estética &#8211; Prof. Simón Bedotti.</a></li>



<li><a href="https://crear-lpa.infd.edu.ar/sitio/wp-content/uploads/2023/12/Formacion-Etica_Prof.-Conde.pdf">Formación Ética &#8211; Prof. Conde.</a></li>



<li><a href="https://crear-lpa.infd.edu.ar/sitio/wp-content/uploads/2023/12/Investigacion-y-Educacion-Artistica_Prof.-Facundo-Arteaga.pdf">Investigación y Educación Artística &#8211; Prof. Facundo Arteaga.</a></li>



<li><a href="https://crear-lpa.infd.edu.ar/sitio/wp-content/uploads/2023/12/Practica-y-Reflex-Doc-lV_Prof.-Conde-_Andrada.pdf">Práctica y Reflexión Docente lV &#8211; Prof. Conde/Andrada.</a></li>



<li><a href="https://crear-lpa.infd.edu.ar/sitio/wp-content/uploads/2023/12/Produccion-coreografica-y-puesta-en-escena_Prof.-Ruggieri_Villalba.pdf">Producción coreográfica y puesta en escena &#8211; Prof. Ruggieri/Villalba.</a></li>



<li><a href="https://crear-lpa.infd.edu.ar/sitio/wp-content/uploads/2023/12/Tecnica-de-la-Danza-Folklorica-IV_Prof.-Villalba_Ruggieri.pdf">Técnica de la Danza Folklórica IV &#8211; Prof. Villalba/Ruggieri.</a></li>
</ul>
