{"id":2237,"date":"2023-12-19T19:31:56","date_gmt":"2023-12-19T22:31:56","guid":{"rendered":"https:\/\/crear-lpa.infd.edu.ar\/sitio\/?page_id=2237"},"modified":"2023-12-19T19:40:14","modified_gmt":"2023-12-19T22:40:14","slug":"programas-danza-2023-3anio","status":"publish","type":"page","link":"https:\/\/crear-lpa.infd.edu.ar\/sitio\/programas-danza-2023-3anio\/","title":{"rendered":"Programas Danza \u2013 2023 \u2013 3\u00b0A\u00f1o"},"content":{"rendered":"\n<p><a href=\"https:\/\/crear-lpa.infd.edu.ar\/#facebook\" rel=\"noreferrer noopener\" target=\"_blank\"><\/a><\/p>\n\n\n\n<ul>\n<li><a href=\"https:\/\/crear-lpa.infd.edu.ar\/sitio\/wp-content\/uploads\/2023\/12\/Danzas-Clasicas_Prof.-Dal-Santo_Baraybar.pdf\">Danzas Cl\u00e1sicas &#8211; Prof. Dal Santo\/Baraybar.<\/a><\/li>\n\n\n\n<li><a href=\"https:\/\/crear-lpa.infd.edu.ar\/sitio\/wp-content\/uploads\/2023\/12\/Didactica-de-la-danza-II_Prof.-Ruggieri.pdf\">Did\u00e1ctica de la danza II &#8211; Prof. Ruggieri.<\/a><\/li>\n\n\n\n<li><a href=\"https:\/\/crear-lpa.infd.edu.ar\/sitio\/wp-content\/uploads\/2023\/12\/ESI_Prof.-Tamagnone_Alvarez.pdf\">ESI &#8211; Prof. Tamagnone\/Alvarez.<\/a><\/li>\n\n\n\n<li><a href=\"https:\/\/crear-lpa.infd.edu.ar\/sitio\/wp-content\/uploads\/2023\/12\/Historia-y-Politica-de-la-educacion-Argentina_Prof.-Laura-Etchart.pdf\">Historia y Pol\u00edtica de la educaci\u00f3n Argentina &#8211; Prof. Laura Etchart.<\/a><\/li>\n\n\n\n<li><a href=\"https:\/\/crear-lpa.infd.edu.ar\/sitio\/wp-content\/uploads\/2023\/12\/Historia-de-la-Cultura-Latinoamericana_Prof.-Marta-Olave.pdf\">Historia de la Cultura Latinoamericana &#8211; Prof. Marta Olave.<\/a><\/li>\n\n\n\n<li><a href=\"https:\/\/crear-lpa.infd.edu.ar\/sitio\/wp-content\/uploads\/2023\/12\/Improvisacion-e-interpretacion-coreografica_Prof.-Dal-Santo_Miranda_Gatica.pdf\">Improvisaci\u00f3n e interpretaci\u00f3n coreogr\u00e1fica &#8211; Prof. Dal Santo\/Miranda\/Gatica.<\/a><\/li>\n\n\n\n<li><a href=\"https:\/\/crear-lpa.infd.edu.ar\/sitio\/wp-content\/uploads\/2023\/12\/Practica-y-Reflexion-Docente-III_Prof.-Ruggieri_Olivares.pdf\">Pr\u00e1ctica y Reflexi\u00f3n Docente III &#8211; Prof. Ruggieri\/Olivares.<\/a><\/li>\n\n\n\n<li><a href=\"https:\/\/crear-lpa.infd.edu.ar\/sitio\/wp-content\/uploads\/2023\/12\/Problematicas-contemp-en-la-Educ-Artistica_Prof.-Conde.pdf\">Problem\u00e1ticas contempor\u00e1neas en la Educaci\u00f3n Art\u00edstica &#8211; Prof. Conde.<\/a><\/li>\n\n\n\n<li><a href=\"https:\/\/crear-lpa.infd.edu.ar\/sitio\/wp-content\/uploads\/2023\/12\/Sujeto-de-la-educacion-II_Prof.-Adriana-Mugabure.pdf\">Sujeto de la educaci\u00f3n II &#8211; Prof. Adriana Mugabure.<\/a><\/li>\n\n\n\n<li><a href=\"https:\/\/crear-lpa.infd.edu.ar\/sitio\/wp-content\/uploads\/2023\/12\/Tecnica-de-la-Danza-Folklorica-III_Prof.-Villalba_Ruggieri.pdf\">T\u00e9cnica de la Danza Folkl\u00f3rica III &#8211; Prof. Villalba\/Ruggieri.<\/a><\/li>\n\n\n\n<li><a href=\"https:\/\/crear-lpa.infd.edu.ar\/sitio\/wp-content\/uploads\/2023\/12\/TIC_Prof.-Araceli-Dal-Santo.pdf\">TIC &#8211; Prof. Araceli Dal Santo.<\/a><\/li>\n<\/ul>\n","protected":false},"excerpt":{"rendered":"","protected":false},"author":32,"featured_media":0,"parent":0,"menu_order":0,"comment_status":"closed","ping_status":"closed","template":"","meta":[],"acf":[],"_links":{"self":[{"href":"https:\/\/crear-lpa.infd.edu.ar\/sitio\/wp-json\/wp\/v2\/pages\/2237"}],"collection":[{"href":"https:\/\/crear-lpa.infd.edu.ar\/sitio\/wp-json\/wp\/v2\/pages"}],"about":[{"href":"https:\/\/crear-lpa.infd.edu.ar\/sitio\/wp-json\/wp\/v2\/types\/page"}],"author":[{"embeddable":true,"href":"https:\/\/crear-lpa.infd.edu.ar\/sitio\/wp-json\/wp\/v2\/users\/32"}],"replies":[{"embeddable":true,"href":"https:\/\/crear-lpa.infd.edu.ar\/sitio\/wp-json\/wp\/v2\/comments?post=2237"}],"version-history":[{"count":3,"href":"https:\/\/crear-lpa.infd.edu.ar\/sitio\/wp-json\/wp\/v2\/pages\/2237\/revisions"}],"predecessor-version":[{"id":2254,"href":"https:\/\/crear-lpa.infd.edu.ar\/sitio\/wp-json\/wp\/v2\/pages\/2237\/revisions\/2254"}],"wp:attachment":[{"href":"https:\/\/crear-lpa.infd.edu.ar\/sitio\/wp-json\/wp\/v2\/media?parent=2237"}],"curies":[{"name":"wp","href":"https:\/\/api.w.org\/{rel}","templated":true}]}}

Programas Danza – 2023 – 3°Año

<p><a href="https://crear-lpa.infd.edu.ar/#facebook" rel="noreferrer noopener" target="_blank"></a></p>



<ul>
<li><a href="https://crear-lpa.infd.edu.ar/sitio/wp-content/uploads/2023/12/Danzas-Clasicas_Prof.-Dal-Santo_Baraybar.pdf">Danzas Clásicas &#8211; Prof. Dal Santo/Baraybar.</a></li>



<li><a href="https://crear-lpa.infd.edu.ar/sitio/wp-content/uploads/2023/12/Didactica-de-la-danza-II_Prof.-Ruggieri.pdf">Didáctica de la danza II &#8211; Prof. Ruggieri.</a></li>



<li><a href="https://crear-lpa.infd.edu.ar/sitio/wp-content/uploads/2023/12/ESI_Prof.-Tamagnone_Alvarez.pdf">ESI &#8211; Prof. Tamagnone/Alvarez.</a></li>



<li><a href="https://crear-lpa.infd.edu.ar/sitio/wp-content/uploads/2023/12/Historia-y-Politica-de-la-educacion-Argentina_Prof.-Laura-Etchart.pdf">Historia y Política de la educación Argentina &#8211; Prof. Laura Etchart.</a></li>



<li><a href="https://crear-lpa.infd.edu.ar/sitio/wp-content/uploads/2023/12/Historia-de-la-Cultura-Latinoamericana_Prof.-Marta-Olave.pdf">Historia de la Cultura Latinoamericana &#8211; Prof. Marta Olave.</a></li>



<li><a href="https://crear-lpa.infd.edu.ar/sitio/wp-content/uploads/2023/12/Improvisacion-e-interpretacion-coreografica_Prof.-Dal-Santo_Miranda_Gatica.pdf">Improvisación e interpretación coreográfica &#8211; Prof. Dal Santo/Miranda/Gatica.</a></li>



<li><a href="https://crear-lpa.infd.edu.ar/sitio/wp-content/uploads/2023/12/Practica-y-Reflexion-Docente-III_Prof.-Ruggieri_Olivares.pdf">Práctica y Reflexión Docente III &#8211; Prof. Ruggieri/Olivares.</a></li>



<li><a href="https://crear-lpa.infd.edu.ar/sitio/wp-content/uploads/2023/12/Problematicas-contemp-en-la-Educ-Artistica_Prof.-Conde.pdf">Problemáticas contemporáneas en la Educación Artística &#8211; Prof. Conde.</a></li>



<li><a href="https://crear-lpa.infd.edu.ar/sitio/wp-content/uploads/2023/12/Sujeto-de-la-educacion-II_Prof.-Adriana-Mugabure.pdf">Sujeto de la educación II &#8211; Prof. Adriana Mugabure.</a></li>



<li><a href="https://crear-lpa.infd.edu.ar/sitio/wp-content/uploads/2023/12/Tecnica-de-la-Danza-Folklorica-III_Prof.-Villalba_Ruggieri.pdf">Técnica de la Danza Folklórica III &#8211; Prof. Villalba/Ruggieri.</a></li>



<li><a href="https://crear-lpa.infd.edu.ar/sitio/wp-content/uploads/2023/12/TIC_Prof.-Araceli-Dal-Santo.pdf">TIC &#8211; Prof. Araceli Dal Santo.</a></li>
</ul>
