{"id":2593,"date":"2025-04-15T18:16:08","date_gmt":"2025-04-15T21:16:08","guid":{"rendered":"https:\/\/crear-lpa.infd.edu.ar\/sitio\/?page_id=2593"},"modified":"2025-04-15T19:34:12","modified_gmt":"2025-04-15T22:34:12","slug":"programas-artes-visuales-2025-2anio","status":"publish","type":"page","link":"https:\/\/crear-lpa.infd.edu.ar\/sitio\/programas-artes-visuales-2025-2anio\/","title":{"rendered":"Programas Artes Visuales \u2013 2025 \u2013 2\u00b0A\u00f1o"},"content":{"rendered":"\n<p><\/p>\n\n\n\n<ul>\n<li>Cer\u00e1mica II &#8211; libre &#8211; Prof. Orsi.<\/li>\n\n\n\n<li>Cer\u00e1mica II &#8211; regular &#8211; Prof. Orsi.<\/li>\n\n\n\n<li><a href=\"https:\/\/crear-lpa.infd.edu.ar\/sitio\/wp-content\/uploads\/2025\/04\/Programa-2025-Dibujo-II-Carcamo.pdf\">Dibujo II &#8211; Prof. Loreley C\u00e1rcamo.<\/a><\/li>\n\n\n\n<li>Did\u00e1ctica de las artes visuales I &#8211; Prof. Eyheramonho\/Funaro.<\/li>\n\n\n\n<li><a href=\"https:\/\/crear-lpa.infd.edu.ar\/sitio\/wp-content\/uploads\/2025\/04\/2025-PROGRAMA-Didactica-General-2\u00b0lll-AV.pdf\">Did\u00e1ctica General \u2013 Prof. Griselda Conde.<\/a><\/li>\n\n\n\n<li>Did\u00e1ctica General \u2013 Prof. Tapia.<\/li>\n\n\n\n<li>Escultura &#8211; Prof. Carolina Monlezun.<\/li>\n\n\n\n<li>Escultura &#8211; Prof. Ricci.<\/li>\n\n\n\n<li><a href=\"https:\/\/crear-lpa.infd.edu.ar\/sitio\/wp-content\/uploads\/2025\/04\/Grabado-Crear-2025-Carcamo-Loreley.pdf\">Grabado &#8211; Prof. C\u00e1rcamo.<\/a><\/li>\n\n\n\n<li>Historia de las artes visuales I &#8211; libre &#8211; Prof. Agustina Ricci.<\/li>\n\n\n\n<li>Historia de las artes vi<\/li>\n\n\n\n<li>suales I &#8211; regular &#8211; Prof. Agustina Ricci.<\/li>\n\n\n\n<li>Historia de las artes visuales I &#8211;  Prof. M\u00f3nica Furriol.<\/li>\n\n\n\n<li>Historia Social Argentina y Latinoamericana &#8211; Prof. Olave\/Bacha.<\/li>\n\n\n\n<li>Lenguaje Visual II &#8211; Prof. Ricci\/Fracca.<\/li>\n\n\n\n<li>Lenguaje Visual II &#8211; regular &#8211; Prof. Ricci.<\/li>\n\n\n\n<li><a href=\"https:\/\/crear-lpa.infd.edu.ar\/sitio\/wp-content\/uploads\/2025\/04\/Pintura-Crear-2025-Carcamo-Loreley.pdf\">Pintura &#8211; Prof. C\u00e1rcamo.<\/a><\/li>\n\n\n\n<li>Pintura II \u2013 Prof. Cabral.<\/li>\n\n\n\n<li>Pr\u00e1ctica y Reflexi\u00f3n Docente II &#8211; Prof. C\u00e1rcamo\/Baraybar\/Garc\u00eda\/Irastorza\/Funaro.<\/li>\n\n\n\n<li>Sociolog\u00eda de la educaci\u00f3n &#8211; Prof. Laura Etchart.<\/li>\n\n\n\n<li>Sociolog\u00eda de la educaci\u00f3n &#8211; Prof. Rambur.<\/li>\n\n\n\n<li>Sujetos de la Educaci\u00f3n &#8211; Prof. Griselda Conde.<\/li>\n<\/ul>\n","protected":false},"excerpt":{"rendered":"","protected":false},"author":32,"featured_media":0,"parent":0,"menu_order":0,"comment_status":"closed","ping_status":"closed","template":"","meta":[],"acf":[],"_links":{"self":[{"href":"https:\/\/crear-lpa.infd.edu.ar\/sitio\/wp-json\/wp\/v2\/pages\/2593"}],"collection":[{"href":"https:\/\/crear-lpa.infd.edu.ar\/sitio\/wp-json\/wp\/v2\/pages"}],"about":[{"href":"https:\/\/crear-lpa.infd.edu.ar\/sitio\/wp-json\/wp\/v2\/types\/page"}],"author":[{"embeddable":true,"href":"https:\/\/crear-lpa.infd.edu.ar\/sitio\/wp-json\/wp\/v2\/users\/32"}],"replies":[{"embeddable":true,"href":"https:\/\/crear-lpa.infd.edu.ar\/sitio\/wp-json\/wp\/v2\/comments?post=2593"}],"version-history":[{"count":5,"href":"https:\/\/crear-lpa.infd.edu.ar\/sitio\/wp-json\/wp\/v2\/pages\/2593\/revisions"}],"predecessor-version":[{"id":2635,"href":"https:\/\/crear-lpa.infd.edu.ar\/sitio\/wp-json\/wp\/v2\/pages\/2593\/revisions\/2635"}],"wp:attachment":[{"href":"https:\/\/crear-lpa.infd.edu.ar\/sitio\/wp-json\/wp\/v2\/media?parent=2593"}],"curies":[{"name":"wp","href":"https:\/\/api.w.org\/{rel}","templated":true}]}}

Programas Artes Visuales – 2025 – 2°Año

<p></p>



<ul>
<li>Cerámica II &#8211; libre &#8211; Prof. Orsi.</li>



<li>Cerámica II &#8211; regular &#8211; Prof. Orsi.</li>



<li><a href="https://crear-lpa.infd.edu.ar/sitio/wp-content/uploads/2025/04/Programa-2025-Dibujo-II-Carcamo.pdf">Dibujo II &#8211; Prof. Loreley Cárcamo.</a></li>



<li>Didáctica de las artes visuales I &#8211; Prof. Eyheramonho/Funaro.</li>



<li><a href="https://crear-lpa.infd.edu.ar/sitio/wp-content/uploads/2025/04/2025-PROGRAMA-Didactica-General-2°lll-AV.pdf">Didáctica General – Prof. Griselda Conde.</a></li>



<li>Didáctica General – Prof. Tapia.</li>



<li>Escultura &#8211; Prof. Carolina Monlezun.</li>



<li>Escultura &#8211; Prof. Ricci.</li>



<li><a href="https://crear-lpa.infd.edu.ar/sitio/wp-content/uploads/2025/04/Grabado-Crear-2025-Carcamo-Loreley.pdf">Grabado &#8211; Prof. Cárcamo.</a></li>



<li>Historia de las artes visuales I &#8211; libre &#8211; Prof. Agustina Ricci.</li>



<li>Historia de las artes vi</li>



<li>suales I &#8211; regular &#8211; Prof. Agustina Ricci.</li>



<li>Historia de las artes visuales I &#8211;  Prof. Mónica Furriol.</li>



<li>Historia Social Argentina y Latinoamericana &#8211; Prof. Olave/Bacha.</li>



<li>Lenguaje Visual II &#8211; Prof. Ricci/Fracca.</li>



<li>Lenguaje Visual II &#8211; regular &#8211; Prof. Ricci.</li>



<li><a href="https://crear-lpa.infd.edu.ar/sitio/wp-content/uploads/2025/04/Pintura-Crear-2025-Carcamo-Loreley.pdf">Pintura &#8211; Prof. Cárcamo.</a></li>



<li>Pintura II – Prof. Cabral.</li>



<li>Práctica y Reflexión Docente II &#8211; Prof. Cárcamo/Baraybar/García/Irastorza/Funaro.</li>



<li>Sociología de la educación &#8211; Prof. Laura Etchart.</li>



<li>Sociología de la educación &#8211; Prof. Rambur.</li>



<li>Sujetos de la Educación &#8211; Prof. Griselda Conde.</li>
</ul>
