{"id":2598,"date":"2025-04-15T18:25:02","date_gmt":"2025-04-15T21:25:02","guid":{"rendered":"https:\/\/crear-lpa.infd.edu.ar\/sitio\/?page_id=2598"},"modified":"2025-04-15T19:43:31","modified_gmt":"2025-04-15T22:43:31","slug":"programas-artes-visuales-2025-3anio","status":"publish","type":"page","link":"https:\/\/crear-lpa.infd.edu.ar\/sitio\/programas-artes-visuales-2025-3anio\/","title":{"rendered":"Programas Artes Visuales \u2013 2025 \u2013 3\u00b0A\u00f1o"},"content":{"rendered":"\n<p><\/p>\n\n\n\n<ul>\n<li>Cer\u00e1mica y su did\u00e1ctica I &#8211; Prof. Natalia Orsi.<\/li>\n\n\n\n<li>Did\u00e1ctica de las Artes Visuales II.<\/li>\n\n\n\n<li>Escultura y su did\u00e1ctica I &#8211; Prof. Funaro\/Monlezun.<\/li>\n\n\n\n<li>Escultura y su did\u00e1ctica I &#8211; Alumno libre &#8211; Prof. Funaro\/Monlezun.<\/li>\n\n\n\n<li>ESI &#8211; Prof. Kunz\/Tapia\/C\u00f3rdoba.<\/li>\n\n\n\n<li>Filosof\u00eda de la Educaci\u00f3n &#8211; Prof. Oscar G\u00f3mez.<\/li>\n\n\n\n<li>Grabado y su did\u00e1ctica I &#8211; Prof. Dini Calder\u00f3n.<\/li>\n\n\n\n<li>Grabado y su did\u00e1ctica &#8211; Prof. N\u00e9stor Dubi\u00e9.<\/li>\n\n\n\n<li><a href=\"https:\/\/crear-lpa.infd.edu.ar\/sitio\/wp-content\/uploads\/2025\/04\/Programa_Historia_de_las_artes_Crear-2025-Carcamo.pdf\">Historia de las artes Visuales II &#8211; Prof. C\u00e1rcamo.<\/a><\/li>\n\n\n\n<li><a href=\"https:\/\/crear-lpa.infd.edu.ar\/sitio\/wp-content\/uploads\/2025\/04\/PROGRAMA-Historia-y-Politica-de-la-Ed.-argentina-Prof.Roberto-Figueroa.pdf\">Historia y Pol\u00edtica de la Educaci\u00f3n argentina &#8211; Prof. Figueroa.<\/a><\/li>\n\n\n\n<li>Historia y Pol\u00edtica de la Educaci\u00f3n argentina &#8211; Prof. Silvia Corniglione<\/li>\n\n\n\n<li>Lenguaje Visual III &#8211; libre &#8211; Prof. Ricci\/Orsi.<\/li>\n\n\n\n<li>Lenguaje Visual III &#8211; regulares &#8211; Prof. Ricci.<\/li>\n\n\n\n<li>Pintura y su didactica I &#8211; Prof. Brenda Cabral.<\/li>\n\n\n\n<li><a href=\"https:\/\/crear-lpa.infd.edu.ar\/sitio\/wp-content\/uploads\/2025\/04\/Programa-Practica-lll-2025-AV.pdf\">Pr\u00e1ctica y Reflexi\u00f3n Docente lll &#8211; Prof. Conde\/Furriol.<\/a><\/li>\n\n\n\n<li>Pr\u00e1ctica y Reflexi\u00f3n Docente III &#8211; Prof. Eyheramonho\/Olivares.<\/li>\n\n\n\n<li><a href=\"https:\/\/crear-lpa.infd.edu.ar\/sitio\/wp-content\/uploads\/2025\/04\/programa-Sujeto-II-Artesvisuales2025.pdf\">Sujetos de la Educaci\u00f3n II &#8211; Prof. Corniglione<\/a><\/li>\n<\/ul>\n","protected":false},"excerpt":{"rendered":"","protected":false},"author":32,"featured_media":0,"parent":0,"menu_order":0,"comment_status":"closed","ping_status":"closed","template":"","meta":[],"acf":[],"_links":{"self":[{"href":"https:\/\/crear-lpa.infd.edu.ar\/sitio\/wp-json\/wp\/v2\/pages\/2598"}],"collection":[{"href":"https:\/\/crear-lpa.infd.edu.ar\/sitio\/wp-json\/wp\/v2\/pages"}],"about":[{"href":"https:\/\/crear-lpa.infd.edu.ar\/sitio\/wp-json\/wp\/v2\/types\/page"}],"author":[{"embeddable":true,"href":"https:\/\/crear-lpa.infd.edu.ar\/sitio\/wp-json\/wp\/v2\/users\/32"}],"replies":[{"embeddable":true,"href":"https:\/\/crear-lpa.infd.edu.ar\/sitio\/wp-json\/wp\/v2\/comments?post=2598"}],"version-history":[{"count":5,"href":"https:\/\/crear-lpa.infd.edu.ar\/sitio\/wp-json\/wp\/v2\/pages\/2598\/revisions"}],"predecessor-version":[{"id":2643,"href":"https:\/\/crear-lpa.infd.edu.ar\/sitio\/wp-json\/wp\/v2\/pages\/2598\/revisions\/2643"}],"wp:attachment":[{"href":"https:\/\/crear-lpa.infd.edu.ar\/sitio\/wp-json\/wp\/v2\/media?parent=2598"}],"curies":[{"name":"wp","href":"https:\/\/api.w.org\/{rel}","templated":true}]}}

Programas Artes Visuales – 2025 – 3°Año

<p></p>



<ul>
<li>Cerámica y su didáctica I &#8211; Prof. Natalia Orsi.</li>



<li>Didáctica de las Artes Visuales II.</li>



<li>Escultura y su didáctica I &#8211; Prof. Funaro/Monlezun.</li>



<li>Escultura y su didáctica I &#8211; Alumno libre &#8211; Prof. Funaro/Monlezun.</li>



<li>ESI &#8211; Prof. Kunz/Tapia/Córdoba.</li>



<li>Filosofía de la Educación &#8211; Prof. Oscar Gómez.</li>



<li>Grabado y su didáctica I &#8211; Prof. Dini Calderón.</li>



<li>Grabado y su didáctica &#8211; Prof. Néstor Dubié.</li>



<li><a href="https://crear-lpa.infd.edu.ar/sitio/wp-content/uploads/2025/04/Programa_Historia_de_las_artes_Crear-2025-Carcamo.pdf">Historia de las artes Visuales II &#8211; Prof. Cárcamo.</a></li>



<li><a href="https://crear-lpa.infd.edu.ar/sitio/wp-content/uploads/2025/04/PROGRAMA-Historia-y-Politica-de-la-Ed.-argentina-Prof.Roberto-Figueroa.pdf">Historia y Política de la Educación argentina &#8211; Prof. Figueroa.</a></li>



<li>Historia y Política de la Educación argentina &#8211; Prof. Silvia Corniglione</li>



<li>Lenguaje Visual III &#8211; libre &#8211; Prof. Ricci/Orsi.</li>



<li>Lenguaje Visual III &#8211; regulares &#8211; Prof. Ricci.</li>



<li>Pintura y su didactica I &#8211; Prof. Brenda Cabral.</li>



<li><a href="https://crear-lpa.infd.edu.ar/sitio/wp-content/uploads/2025/04/Programa-Practica-lll-2025-AV.pdf">Práctica y Reflexión Docente lll &#8211; Prof. Conde/Furriol.</a></li>



<li>Práctica y Reflexión Docente III &#8211; Prof. Eyheramonho/Olivares.</li>



<li><a href="https://crear-lpa.infd.edu.ar/sitio/wp-content/uploads/2025/04/programa-Sujeto-II-Artesvisuales2025.pdf">Sujetos de la Educación II &#8211; Prof. Corniglione</a></li>
</ul>
