{"id":2611,"date":"2025-04-15T18:52:24","date_gmt":"2025-04-15T21:52:24","guid":{"rendered":"https:\/\/crear-lpa.infd.edu.ar\/sitio\/?page_id=2611"},"modified":"2025-05-29T19:51:16","modified_gmt":"2025-05-29T22:51:16","slug":"programas-danza-2025-4anio","status":"publish","type":"page","link":"https:\/\/crear-lpa.infd.edu.ar\/sitio\/programas-danza-2025-4anio\/","title":{"rendered":"Programas Danza \u2013 2025 \u2013 4\u00b0A\u00f1o"},"content":{"rendered":"\n<p><\/p>\n\n\n\n<ul>\n<li>Danza Contempor\u00e1nea &#8211; Prof. Inchausandague\/Gatica.<\/li>\n\n\n\n<li>El arte en la educaci\u00f3n especial &#8211; Prof. Silvina Hollman.<\/li>\n\n\n\n<li>Est\u00e9tica &#8211; Prof. Sim\u00f3n Bedotti.<\/li>\n\n\n\n<li><a href=\"https:\/\/crear-lpa.infd.edu.ar\/sitio\/wp-content\/uploads\/2025\/05\/Programa-Formacion-Etica-y-ciudadana-danza-2025.pdf\">Formaci\u00f3n \u00c9tica y Ciudadana &#8211; Prof. Gim\u00e9nez.<\/a><\/li>\n\n\n\n<li><a href=\"https:\/\/crear-lpa.infd.edu.ar\/sitio\/wp-content\/uploads\/2025\/05\/Programa-Investigacion-y-Educacion-Artistica-danza-2025.pdf\">Investigaci\u00f3n y Educaci\u00f3n Art\u00edstica &#8211; Prof. Facundo Arteaga.<\/a><\/li>\n\n\n\n<li><a href=\"https:\/\/crear-lpa.infd.edu.ar\/sitio\/wp-content\/uploads\/2025\/04\/2025-PROGRAMA-Practica-y-Reflex-Doc-lV-Danza.pdf\">Pr\u00e1ctica y Reflexi\u00f3n Docente lV &#8211; Prof. Conde\/Villalba.<\/a><\/li>\n\n\n\n<li><a href=\"https:\/\/crear-lpa.infd.edu.ar\/sitio\/wp-content\/uploads\/2025\/04\/Programa-Produccion-coreografica-y-puesta-en-escena-2025.pdf\">Producci\u00f3n coreogr\u00e1fica y puesta en escena &#8211; Prof. Ruggieri\/Villalba.<\/a><\/li>\n\n\n\n<li><a href=\"https:\/\/crear-lpa.infd.edu.ar\/sitio\/wp-content\/uploads\/2025\/04\/Programa-Tecnica-de-la-Danza-Folklorica-IV-2025.pdf\">T\u00e9cnica de la Danza Folkl\u00f3rica IV &#8211; Prof. Villalba\/Ruggieri<\/a>.<\/li>\n<\/ul>\n","protected":false},"excerpt":{"rendered":"","protected":false},"author":32,"featured_media":0,"parent":0,"menu_order":0,"comment_status":"closed","ping_status":"closed","template":"","meta":[],"acf":[],"_links":{"self":[{"href":"https:\/\/crear-lpa.infd.edu.ar\/sitio\/wp-json\/wp\/v2\/pages\/2611"}],"collection":[{"href":"https:\/\/crear-lpa.infd.edu.ar\/sitio\/wp-json\/wp\/v2\/pages"}],"about":[{"href":"https:\/\/crear-lpa.infd.edu.ar\/sitio\/wp-json\/wp\/v2\/types\/page"}],"author":[{"embeddable":true,"href":"https:\/\/crear-lpa.infd.edu.ar\/sitio\/wp-json\/wp\/v2\/users\/32"}],"replies":[{"embeddable":true,"href":"https:\/\/crear-lpa.infd.edu.ar\/sitio\/wp-json\/wp\/v2\/comments?post=2611"}],"version-history":[{"count":5,"href":"https:\/\/crear-lpa.infd.edu.ar\/sitio\/wp-json\/wp\/v2\/pages\/2611\/revisions"}],"predecessor-version":[{"id":2713,"href":"https:\/\/crear-lpa.infd.edu.ar\/sitio\/wp-json\/wp\/v2\/pages\/2611\/revisions\/2713"}],"wp:attachment":[{"href":"https:\/\/crear-lpa.infd.edu.ar\/sitio\/wp-json\/wp\/v2\/media?parent=2611"}],"curies":[{"name":"wp","href":"https:\/\/api.w.org\/{rel}","templated":true}]}}

Programas Danza – 2025 – 4°Año

<p></p>



<ul>
<li>Danza Contemporánea &#8211; Prof. Inchausandague/Gatica.</li>



<li>El arte en la educación especial &#8211; Prof. Silvina Hollman.</li>



<li>Estética &#8211; Prof. Simón Bedotti.</li>



<li><a href="https://crear-lpa.infd.edu.ar/sitio/wp-content/uploads/2025/05/Programa-Formacion-Etica-y-ciudadana-danza-2025.pdf">Formación Ética y Ciudadana &#8211; Prof. Giménez.</a></li>



<li><a href="https://crear-lpa.infd.edu.ar/sitio/wp-content/uploads/2025/05/Programa-Investigacion-y-Educacion-Artistica-danza-2025.pdf">Investigación y Educación Artística &#8211; Prof. Facundo Arteaga.</a></li>



<li><a href="https://crear-lpa.infd.edu.ar/sitio/wp-content/uploads/2025/04/2025-PROGRAMA-Practica-y-Reflex-Doc-lV-Danza.pdf">Práctica y Reflexión Docente lV &#8211; Prof. Conde/Villalba.</a></li>



<li><a href="https://crear-lpa.infd.edu.ar/sitio/wp-content/uploads/2025/04/Programa-Produccion-coreografica-y-puesta-en-escena-2025.pdf">Producción coreográfica y puesta en escena &#8211; Prof. Ruggieri/Villalba.</a></li>



<li><a href="https://crear-lpa.infd.edu.ar/sitio/wp-content/uploads/2025/04/Programa-Tecnica-de-la-Danza-Folklorica-IV-2025.pdf">Técnica de la Danza Folklórica IV &#8211; Prof. Villalba/Ruggieri</a>.</li>
</ul>
