{"id":2622,"date":"2025-04-15T19:05:53","date_gmt":"2025-04-15T22:05:53","guid":{"rendered":"https:\/\/crear-lpa.infd.edu.ar\/sitio\/?page_id=2622"},"modified":"2025-04-24T19:45:28","modified_gmt":"2025-04-24T22:45:28","slug":"programas-danza-2025-1anio","status":"publish","type":"page","link":"https:\/\/crear-lpa.infd.edu.ar\/sitio\/programas-danza-2025-1anio\/","title":{"rendered":"Programas Danza \u2013 2025 \u2013 1\u00b0A\u00f1o"},"content":{"rendered":"\n<p><\/p>\n\n\n\n<ul>\n<li>Anatom\u00eda y an\u00e1lisis del movimiento aplicado a la Danza &#8211; Prof. Pablo Ruggeri.<\/li>\n\n\n\n<li>Expresi\u00f3n corporal I &#8211; Prof. Sombra\/Miranda.<\/li>\n\n\n\n<li>Filosof\u00eda de la educaci\u00f3n &#8211; Prof. Roc\u00edo Sachs.<\/li>\n\n\n\n<li>Historia de la danza &#8211; Prof. Gladys Villalba.<\/li>\n\n\n\n<li><a href=\"https:\/\/crear-lpa.infd.edu.ar\/sitio\/wp-content\/uploads\/2025\/04\/Programa-Musica-y-Movimiento-I-2025.pdf\">M\u00fasica y Movimiento &#8211; Prof. Gatica\/Villalba.<\/a><\/li>\n\n\n\n<li>Pedagog\u00eda &#8211; Prof. Angela Tapia.<\/li>\n\n\n\n<li><a href=\"https:\/\/crear-lpa.infd.edu.ar\/sitio\/wp-content\/uploads\/2025\/04\/2025-PROGRAMA-Pract-y-Reflex-Doc-l-1.pdf\">Pr\u00e1ctica y Reflexi\u00f3n Docente I &#8211; Prof. Conde\/Maidana.<\/a><\/li>\n\n\n\n<li>Psicolog\u00eda Educacional &#8211; Prof. Adriana Mugabure.<\/li>\n\n\n\n<li>T\u00e9cnica de la danza folkl\u00f3rica I &#8211; Prof. Magrassi\/Sombra\/Burgu\u00e9s.<\/li>\n<\/ul>\n","protected":false},"excerpt":{"rendered":"","protected":false},"author":32,"featured_media":0,"parent":0,"menu_order":0,"comment_status":"closed","ping_status":"closed","template":"","meta":[],"acf":[],"_links":{"self":[{"href":"https:\/\/crear-lpa.infd.edu.ar\/sitio\/wp-json\/wp\/v2\/pages\/2622"}],"collection":[{"href":"https:\/\/crear-lpa.infd.edu.ar\/sitio\/wp-json\/wp\/v2\/pages"}],"about":[{"href":"https:\/\/crear-lpa.infd.edu.ar\/sitio\/wp-json\/wp\/v2\/types\/page"}],"author":[{"embeddable":true,"href":"https:\/\/crear-lpa.infd.edu.ar\/sitio\/wp-json\/wp\/v2\/users\/32"}],"replies":[{"embeddable":true,"href":"https:\/\/crear-lpa.infd.edu.ar\/sitio\/wp-json\/wp\/v2\/comments?post=2622"}],"version-history":[{"count":3,"href":"https:\/\/crear-lpa.infd.edu.ar\/sitio\/wp-json\/wp\/v2\/pages\/2622\/revisions"}],"predecessor-version":[{"id":2650,"href":"https:\/\/crear-lpa.infd.edu.ar\/sitio\/wp-json\/wp\/v2\/pages\/2622\/revisions\/2650"}],"wp:attachment":[{"href":"https:\/\/crear-lpa.infd.edu.ar\/sitio\/wp-json\/wp\/v2\/media?parent=2622"}],"curies":[{"name":"wp","href":"https:\/\/api.w.org\/{rel}","templated":true}]}}

Programas Danza – 2025 – 1°Año

<p></p>



<ul>
<li>Anatomía y análisis del movimiento aplicado a la Danza &#8211; Prof. Pablo Ruggeri.</li>



<li>Expresión corporal I &#8211; Prof. Sombra/Miranda.</li>



<li>Filosofía de la educación &#8211; Prof. Rocío Sachs.</li>



<li>Historia de la danza &#8211; Prof. Gladys Villalba.</li>



<li><a href="https://crear-lpa.infd.edu.ar/sitio/wp-content/uploads/2025/04/Programa-Musica-y-Movimiento-I-2025.pdf">Música y Movimiento &#8211; Prof. Gatica/Villalba.</a></li>



<li>Pedagogía &#8211; Prof. Angela Tapia.</li>



<li><a href="https://crear-lpa.infd.edu.ar/sitio/wp-content/uploads/2025/04/2025-PROGRAMA-Pract-y-Reflex-Doc-l-1.pdf">Práctica y Reflexión Docente I &#8211; Prof. Conde/Maidana.</a></li>



<li>Psicología Educacional &#8211; Prof. Adriana Mugabure.</li>



<li>Técnica de la danza folklórica I &#8211; Prof. Magrassi/Sombra/Burgués.</li>
</ul>
