{"id":917,"date":"2018-08-30T15:36:24","date_gmt":"2018-08-30T18:36:24","guid":{"rendered":"https:\/\/crear-lpa.infd.edu.ar\/sitio\/conectar-igualdad\/"},"modified":"2023-07-25T17:42:35","modified_gmt":"2023-07-25T20:42:35","slug":"referentetecnologico","status":"publish","type":"page","link":"https:\/\/crear-lpa.infd.edu.ar\/sitio\/referentetecnologico\/","title":{"rendered":"Referente Tecnol\u00f3gico"},"content":{"rendered":"<p><strong><span style=\"font-size: 14pt;\">Horarios del Referente Tecnol\u00f3gico en el CREAr<\/span><\/strong><\/p>\n<p>Por problemas con las netbooks o acceso al campus virtual enviar un correo a <a href=\"mailto:emiliano.vicens@lapampa.edu.ar\">emiliano.vicens@lapampa.edu.ar<\/a> \u00a0detallando nombre, apellido, carrera y descripci\u00f3n de la consulta.<\/p>\n<p>Para el desbloqueo de netbooks a distancia <a href=\"https:\/\/crear-lpa.infd.edu.ar\/sitio\/desbloqueo-de-netbooks-on-line\/\">hacer clic aqu\u00ed.<\/a><\/p>\n<p><strong>Ubicaci\u00f3n:<\/strong><\/p>\n<p>Aula primer piso, junto al ascensor.<\/p>\n<p><strong>Horarios:<\/strong><\/p>\n<p>Martes y Jueves\u00a0 de 16:30 a 19:30hs.<\/p>\n","protected":false},"excerpt":{"rendered":"<p>Horarios del Referente Tecnol\u00f3gico en el CREAr Por problemas con las netbooks o acceso al campus virtual enviar un correo a emiliano.vicens@lapampa.edu.ar \u00a0detallando nombre, apellido, carrera y descripci\u00f3n de la consulta. Para el desbloqueo de netbooks a distancia hacer clic aqu\u00ed. Ubicaci\u00f3n: Aula primer piso, junto al ascensor. Horarios: Martes y Jueves\u00a0 de 16:30 a &#8230; <a title=\"Referente Tecnol\u00f3gico\" class=\"read-more\" href=\"https:\/\/crear-lpa.infd.edu.ar\/sitio\/referentetecnologico\/\" aria-label=\"More on Referente Tecnol\u00f3gico\">[+]<\/a><\/p>\n","protected":false},"author":7,"featured_media":0,"parent":0,"menu_order":0,"comment_status":"closed","ping_status":"closed","template":"","meta":[],"acf":[],"_links":{"self":[{"href":"https:\/\/crear-lpa.infd.edu.ar\/sitio\/wp-json\/wp\/v2\/pages\/917"}],"collection":[{"href":"https:\/\/crear-lpa.infd.edu.ar\/sitio\/wp-json\/wp\/v2\/pages"}],"about":[{"href":"https:\/\/crear-lpa.infd.edu.ar\/sitio\/wp-json\/wp\/v2\/types\/page"}],"author":[{"embeddable":true,"href":"https:\/\/crear-lpa.infd.edu.ar\/sitio\/wp-json\/wp\/v2\/users\/7"}],"replies":[{"embeddable":true,"href":"https:\/\/crear-lpa.infd.edu.ar\/sitio\/wp-json\/wp\/v2\/comments?post=917"}],"version-history":[{"count":11,"href":"https:\/\/crear-lpa.infd.edu.ar\/sitio\/wp-json\/wp\/v2\/pages\/917\/revisions"}],"predecessor-version":[{"id":1988,"href":"https:\/\/crear-lpa.infd.edu.ar\/sitio\/wp-json\/wp\/v2\/pages\/917\/revisions\/1988"}],"wp:attachment":[{"href":"https:\/\/crear-lpa.infd.edu.ar\/sitio\/wp-json\/wp\/v2\/media?parent=917"}],"curies":[{"name":"wp","href":"https:\/\/api.w.org\/{rel}","templated":true}]}}

Referente Tecnológico

<p><strong><span style="font-size: 14pt;">Horarios del Referente Tecnológico en el CREAr</span></strong></p>
<p>Por problemas con las netbooks o acceso al campus virtual enviar un correo a <a href="mailto:emiliano.vicens@lapampa.edu.ar">emiliano.vicens@lapampa.edu.ar</a>  detallando nombre, apellido, carrera y descripción de la consulta.</p>
<p>Para el desbloqueo de netbooks a distancia <a href="https://crear-lpa.infd.edu.ar/sitio/desbloqueo-de-netbooks-on-line/">hacer clic aquí.</a></p>
<p><strong>Ubicación:</strong></p>
<p>Aula primer piso, junto al ascensor.</p>
<p><strong>Horarios:</strong></p>
<p>Martes y Jueves  de 16:30 a 19:30hs.</p>

<p>Horarios del Referente Tecnológico en el CREAr Por problemas con las netbooks o acceso al campus virtual enviar un correo a emiliano.vicens@lapampa.edu.ar  detallando nombre, apellido, carrera y descripción de la consulta. Para el desbloqueo de netbooks a distancia hacer clic aquí. Ubicación: Aula primer piso, junto al ascensor. Horarios: Martes y Jueves  de 16:30 a &#8230; <a title="Referente Tecnológico" class="read-more" href="https://crear-lpa.infd.edu.ar/sitio/referentetecnologico/" aria-label="More on Referente Tecnológico">[+]</a></p>
