{"id":919,"date":"2018-08-30T15:36:25","date_gmt":"2018-08-30T18:36:25","guid":{"rendered":"https:\/\/crear-lpa.infd.edu.ar\/sitio\/calendario-academico-2018\/"},"modified":"2026-03-26T19:37:43","modified_gmt":"2026-03-26T22:37:43","slug":"calendario-academico","status":"publish","type":"page","link":"https:\/\/crear-lpa.infd.edu.ar\/sitio\/calendario-academico\/","title":{"rendered":"Calendario Acad\u00e9mico 2026"},"content":{"rendered":"<table border=\"0\">\n<tbody>\n<tr>\n<td style=\"text-align: center;\"><a href=\"https:\/\/crear-lpa.infd.edu.ar\/sitio\/wp-content\/uploads\/2026\/03\/CALENDARIO-ACADEMICO-2026.pdf\"><img decoding=\"async\" loading=\"lazy\" class=\"alignnone\" style=\"border: 0;\" title=\"icono descarga\" src=\"https:\/\/crear-lpa.infd.edu.ar\/sitio\/wp-content\/uploads\/2018\/08\/download_icon.png\" alt=\"icono descarga\" width=\"150\" height=\"150\" border=\"0\" \/><\/a><\/td>\n<td style=\"text-align: center;\"><\/td>\n<td style=\"text-align: center;\"><\/td>\n<td style=\"text-align: center;\"><\/td>\n<td style=\"text-align: center;\"><\/td>\n<td>\n<h5 style=\"text-align: left;\"><span style=\"text-decoration: underline;\">Aclaraci\u00f3n:<\/span><em> Sujeto a modificaciones por fechas de eventos que a\u00fan no han sido confirmadas.<\/em><\/h5>\n<p style=\"text-align: left;\"><a href=\"https:\/\/crear-lpa.infd.edu.ar\/sitio\/wp-content\/uploads\/2026\/03\/CALENDARIO-ACADEMICO-2026.pdf\">Descargar aqu\u00ed<\/a><\/p>\n<p style=\"text-align: left;\">\n<\/td>\n<\/tr>\n<\/tbody>\n<\/table>\n","protected":false},"excerpt":{"rendered":"<p>Aclaraci\u00f3n: Sujeto a modificaciones por fechas de eventos que a\u00fan no han sido confirmadas. Descargar aqu\u00ed<\/p>\n","protected":false},"author":7,"featured_media":0,"parent":0,"menu_order":0,"comment_status":"closed","ping_status":"closed","template":"","meta":[],"acf":[],"_links":{"self":[{"href":"https:\/\/crear-lpa.infd.edu.ar\/sitio\/wp-json\/wp\/v2\/pages\/919"}],"collection":[{"href":"https:\/\/crear-lpa.infd.edu.ar\/sitio\/wp-json\/wp\/v2\/pages"}],"about":[{"href":"https:\/\/crear-lpa.infd.edu.ar\/sitio\/wp-json\/wp\/v2\/types\/page"}],"author":[{"embeddable":true,"href":"https:\/\/crear-lpa.infd.edu.ar\/sitio\/wp-json\/wp\/v2\/users\/7"}],"replies":[{"embeddable":true,"href":"https:\/\/crear-lpa.infd.edu.ar\/sitio\/wp-json\/wp\/v2\/comments?post=919"}],"version-history":[{"count":19,"href":"https:\/\/crear-lpa.infd.edu.ar\/sitio\/wp-json\/wp\/v2\/pages\/919\/revisions"}],"predecessor-version":[{"id":2779,"href":"https:\/\/crear-lpa.infd.edu.ar\/sitio\/wp-json\/wp\/v2\/pages\/919\/revisions\/2779"}],"wp:attachment":[{"href":"https:\/\/crear-lpa.infd.edu.ar\/sitio\/wp-json\/wp\/v2\/media?parent=919"}],"curies":[{"name":"wp","href":"https:\/\/api.w.org\/{rel}","templated":true}]}}